{"id":2437,"date":"2017-05-02T15:59:26","date_gmt":"2017-05-02T12:59:26","guid":{"rendered":"http:\/\/akcmv.gov.lv\/?page_id=2437"},"modified":"2017-05-02T16:35:43","modified_gmt":"2017-05-02T13:35:43","slug":"nordplus","status":"publish","type":"page","link":"http:\/\/akcmv.gov.lv\/?page_id=2437","title":{"rendered":"Nordplus"},"content":{"rendered":"<h2><span style=\"color: #ff6600;\"><strong>NORDPLUS JUNIOR<\/strong> <strong>projekts<\/strong><\/span><\/h2>\n<p><strong> &#8220;Creative professionals &#8211; professionals without borders&#8221;<\/strong><\/p>\n<p>Proj.nr. NPJR-2015\/10117<\/p>\n<p>(Rado\u0161ie profesion\u0101\u013ci &#8211; profesion\u0101\u013ci bez robe\u017e\u0101m)<\/p>\n<p style=\"text-align: justify;\">2015.\/2016. m\u0101c\u012bbu gad\u0101 Alfr\u0113da Kalni\u0146a C\u0113su M\u016bzikas vidusskolas audz\u0113k\u0146i piedal\u012bj\u0101s Zieme\u013cu Ministru padomes programmas Nordplus Jaunie\u0161u izgl\u012bt\u012bbas apak\u0161programmas projekt\u0101 &#8220;&#8221;Creative professionals &#8211; professionals without borders&#8221; (Rado\u0161ie profesion\u0101\u013ci &#8211; profesion\u0101\u013ci bez robe\u017e\u0101m). Projekta partneris &#8211; Kuopio Konservatorija (Somija). Projekta laik\u0101 tika \u012bstenota\u00a0skol\u0113nu grupu apmai\u0146a starp div\u0101m izgl\u012bt\u012bbas iest\u0101d\u0113m, lai veicin\u0101tu jaunie\u0161u izpratni par izgl\u012bt\u012bbas un darba iesp\u0113j\u0101m Latvij\u0101 un Somij\u0101, k\u0101 ar\u012b lai kop\u012bgi muzic\u0113tu, ieg\u016btu starpkult\u016bru pieredzi un atrastu jaunus draugus.<\/p>\n\n\t\t<style type=\"text\/css\">\n\t\t\t#gallery-1 {\n\t\t\t\tmargin: auto;\n\t\t\t}\n\t\t\t#gallery-1 .gallery-item {\n\t\t\t\tfloat: left;\n\t\t\t\tmargin-top: 10px;\n\t\t\t\ttext-align: center;\n\t\t\t\twidth: 33%;\n\t\t\t}\n\t\t\t#gallery-1 img {\n\t\t\t\tborder: 2px solid #cfcfcf;\n\t\t\t}\n\t\t\t#gallery-1 .gallery-caption {\n\t\t\t\tmargin-left: 0;\n\t\t\t}\n\t\t\t\/* see gallery_shortcode() in wp-includes\/media.php *\/\n\t\t<\/style>\n\t\t<div id='gallery-1' class='gallery galleryid-2437 gallery-columns-3 gallery-size-thumbnail'><dl class='gallery-item'>\n\t\t\t<dt class='gallery-icon landscape'>\n\t\t\t\t<a class=\"grouped_elements\" rel=\"tc-fancybox-group\" href=\"http:\/\/akcmv.gov.lv\/wp-content\/uploads\/2017\/05\/sibakademi.jpg\" title=\"\"><img loading=\"lazy\" decoding=\"async\" width=\"150\" height=\"150\" src=\"http:\/\/akcmv.gov.lv\/wp-content\/uploads\/2017\/05\/sibakademi-150x150.jpg\" class=\"attachment-thumbnail size-thumbnail\" alt=\"\" srcset=\"http:\/\/akcmv.gov.lv\/wp-content\/uploads\/2017\/05\/sibakademi-150x150.jpg 150w, http:\/\/akcmv.gov.lv\/wp-content\/uploads\/2017\/05\/sibakademi-45x45.jpg 45w\" sizes=\"auto, (max-width: 150px) 100vw, 150px\" \/><\/a>\n\t\t\t<\/dt><\/dl><dl class='gallery-item'>\n\t\t\t<dt class='gallery-icon landscape'>\n\t\t\t\t<a class=\"grouped_elements\" rel=\"tc-fancybox-group\" href=\"http:\/\/akcmv.gov.lv\/wp-content\/uploads\/2017\/05\/orkestris_kuopio.jpg\" title=\"\"><img loading=\"lazy\" decoding=\"async\" width=\"150\" height=\"150\" src=\"http:\/\/akcmv.gov.lv\/wp-content\/uploads\/2017\/05\/orkestris_kuopio-150x150.jpg\" class=\"attachment-thumbnail size-thumbnail\" alt=\"\" srcset=\"http:\/\/akcmv.gov.lv\/wp-content\/uploads\/2017\/05\/orkestris_kuopio-150x150.jpg 150w, http:\/\/akcmv.gov.lv\/wp-content\/uploads\/2017\/05\/orkestris_kuopio-45x45.jpg 45w\" sizes=\"auto, (max-width: 150px) 100vw, 150px\" \/><\/a>\n\t\t\t<\/dt><\/dl><dl class='gallery-item'>\n\t\t\t<dt class='gallery-icon portrait'>\n\t\t\t\t<a class=\"grouped_elements\" rel=\"tc-fancybox-group\" href=\"http:\/\/akcmv.gov.lv\/wp-content\/uploads\/2017\/05\/multi_class_kuopio.jpg\" title=\"\"><img loading=\"lazy\" decoding=\"async\" width=\"150\" height=\"150\" src=\"http:\/\/akcmv.gov.lv\/wp-content\/uploads\/2017\/05\/multi_class_kuopio-150x150.jpg\" class=\"attachment-thumbnail size-thumbnail\" alt=\"\" srcset=\"http:\/\/akcmv.gov.lv\/wp-content\/uploads\/2017\/05\/multi_class_kuopio-150x150.jpg 150w, http:\/\/akcmv.gov.lv\/wp-content\/uploads\/2017\/05\/multi_class_kuopio-45x45.jpg 45w\" sizes=\"auto, (max-width: 150px) 100vw, 150px\" \/><\/a>\n\t\t\t<\/dt><\/dl><br style=\"clear: both\" \/><dl class='gallery-item'>\n\t\t\t<dt class='gallery-icon landscape'>\n\t\t\t\t<a class=\"grouped_elements\" rel=\"tc-fancybox-group\" href=\"http:\/\/akcmv.gov.lv\/wp-content\/uploads\/2017\/05\/kuopio_grupa.jpg\" title=\"\"><img loading=\"lazy\" decoding=\"async\" width=\"150\" height=\"150\" src=\"http:\/\/akcmv.gov.lv\/wp-content\/uploads\/2017\/05\/kuopio_grupa-150x150.jpg\" class=\"attachment-thumbnail size-thumbnail\" alt=\"\" srcset=\"http:\/\/akcmv.gov.lv\/wp-content\/uploads\/2017\/05\/kuopio_grupa-150x150.jpg 150w, http:\/\/akcmv.gov.lv\/wp-content\/uploads\/2017\/05\/kuopio_grupa-45x45.jpg 45w\" sizes=\"auto, (max-width: 150px) 100vw, 150px\" \/><\/a>\n\t\t\t<\/dt><\/dl><dl class='gallery-item'>\n\t\t\t<dt class='gallery-icon landscape'>\n\t\t\t\t<a class=\"grouped_elements\" rel=\"tc-fancybox-group\" href=\"http:\/\/akcmv.gov.lv\/wp-content\/uploads\/2017\/05\/koncerts.jpg\" title=\"\"><img loading=\"lazy\" decoding=\"async\" width=\"150\" height=\"150\" src=\"http:\/\/akcmv.gov.lv\/wp-content\/uploads\/2017\/05\/koncerts-150x150.jpg\" class=\"attachment-thumbnail size-thumbnail\" alt=\"\" srcset=\"http:\/\/akcmv.gov.lv\/wp-content\/uploads\/2017\/05\/koncerts-150x150.jpg 150w, http:\/\/akcmv.gov.lv\/wp-content\/uploads\/2017\/05\/koncerts-45x45.jpg 45w\" sizes=\"auto, (max-width: 150px) 100vw, 150px\" \/><\/a>\n\t\t\t<\/dt><\/dl><dl class='gallery-item'>\n\t\t\t<dt class='gallery-icon landscape'>\n\t\t\t\t<a class=\"grouped_elements\" rel=\"tc-fancybox-group\" href=\"http:\/\/akcmv.gov.lv\/wp-content\/uploads\/2017\/05\/finopera.jpg\" title=\"\"><img loading=\"lazy\" decoding=\"async\" width=\"150\" height=\"150\" src=\"http:\/\/akcmv.gov.lv\/wp-content\/uploads\/2017\/05\/finopera-150x150.jpg\" class=\"attachment-thumbnail size-thumbnail\" alt=\"\" srcset=\"http:\/\/akcmv.gov.lv\/wp-content\/uploads\/2017\/05\/finopera-150x150.jpg 150w, http:\/\/akcmv.gov.lv\/wp-content\/uploads\/2017\/05\/finopera-45x45.jpg 45w\" sizes=\"auto, (max-width: 150px) 100vw, 150px\" \/><\/a>\n\t\t\t<\/dt><\/dl><br style=\"clear: both\" \/><dl class='gallery-item'>\n\t\t\t<dt class='gallery-icon landscape'>\n\t\t\t\t<a class=\"grouped_elements\" rel=\"tc-fancybox-group\" href=\"http:\/\/akcmv.gov.lv\/wp-content\/uploads\/2017\/05\/deja_kuopio.jpg\" title=\"\"><img loading=\"lazy\" decoding=\"async\" width=\"150\" height=\"150\" src=\"http:\/\/akcmv.gov.lv\/wp-content\/uploads\/2017\/05\/deja_kuopio-150x150.jpg\" class=\"attachment-thumbnail size-thumbnail\" alt=\"\" srcset=\"http:\/\/akcmv.gov.lv\/wp-content\/uploads\/2017\/05\/deja_kuopio-150x150.jpg 150w, http:\/\/akcmv.gov.lv\/wp-content\/uploads\/2017\/05\/deja_kuopio-45x45.jpg 45w\" sizes=\"auto, (max-width: 150px) 100vw, 150px\" \/><\/a>\n\t\t\t<\/dt><\/dl>\n\t\t\t<br style='clear: both' \/>\n\t\t<\/div>\n\n<p><a href=\"http:\/\/akcmv.gov.lv\/wp-content\/uploads\/2017\/05\/Nordplus_Junior_RGB_EN.png\"><img loading=\"lazy\" decoding=\"async\" class=\"size-medium wp-image-2482 aligncenter\" src=\"http:\/\/akcmv.gov.lv\/wp-content\/uploads\/2017\/05\/Nordplus_Junior_RGB_EN-300x78.png\" alt=\"\" width=\"300\" height=\"78\" srcset=\"http:\/\/akcmv.gov.lv\/wp-content\/uploads\/2017\/05\/Nordplus_Junior_RGB_EN-300x78.png 300w, http:\/\/akcmv.gov.lv\/wp-content\/uploads\/2017\/05\/Nordplus_Junior_RGB_EN-768x200.png 768w, http:\/\/akcmv.gov.lv\/wp-content\/uploads\/2017\/05\/Nordplus_Junior_RGB_EN.png 858w\" sizes=\"auto, (max-width: 300px) 100vw, 300px\" \/><\/a><\/p>\n","protected":false},"excerpt":{"rendered":"<p>NORDPLUS JUNIOR projekts &#8220;Creative professionals &#8211; professionals without borders&#8221; Proj.nr. NPJR-2015\/10117 (Rado\u0161ie profesion\u0101\u013ci &#8211; profesion\u0101\u013ci bez robe\u017e\u0101m) 2015.\/2016. m\u0101c\u012bbu gad\u0101 Alfr\u0113da Kalni\u0146a C\u0113su M\u016bzikas vidusskolas audz\u0113k\u0146i piedal\u012bj\u0101s Zieme\u013cu Ministru padomes programmas Nordplus Jaunie\u0161u izgl\u012bt\u012bbas apak\u0161programmas projekt\u0101 &#8220;&#8221;Creative professionals &#8211; professionals without borders&#8221; (Rado\u0161ie profesion\u0101\u013ci &#8211; profesion\u0101\u013ci bez robe\u017e\u0101m). Projekta partneris &#8211; Kuopio Konservatorija (Somija). Projekta [&hellip;]<\/p>\n","protected":false},"author":2,"featured_media":0,"parent":0,"menu_order":0,"comment_status":"closed","ping_status":"closed","template":"","meta":{"footnotes":""},"class_list":["post-2437","page","type-page","status-publish","czr-hentry"],"_links":{"self":[{"href":"http:\/\/akcmv.gov.lv\/index.php?rest_route=\/wp\/v2\/pages\/2437","targetHints":{"allow":["GET"]}}],"collection":[{"href":"http:\/\/akcmv.gov.lv\/index.php?rest_route=\/wp\/v2\/pages"}],"about":[{"href":"http:\/\/akcmv.gov.lv\/index.php?rest_route=\/wp\/v2\/types\/page"}],"author":[{"embeddable":true,"href":"http:\/\/akcmv.gov.lv\/index.php?rest_route=\/wp\/v2\/users\/2"}],"replies":[{"embeddable":true,"href":"http:\/\/akcmv.gov.lv\/index.php?rest_route=%2Fwp%2Fv2%2Fcomments&post=2437"}],"version-history":[{"count":6,"href":"http:\/\/akcmv.gov.lv\/index.php?rest_route=\/wp\/v2\/pages\/2437\/revisions"}],"predecessor-version":[{"id":2483,"href":"http:\/\/akcmv.gov.lv\/index.php?rest_route=\/wp\/v2\/pages\/2437\/revisions\/2483"}],"wp:attachment":[{"href":"http:\/\/akcmv.gov.lv\/index.php?rest_route=%2Fwp%2Fv2%2Fmedia&parent=2437"}],"curies":[{"name":"wp","href":"https:\/\/api.w.org\/{rel}","templated":true}]}}