{"id":4647,"date":"2018-09-26T11:31:16","date_gmt":"2018-09-26T08:31:16","guid":{"rendered":"http:\/\/akcmv.gov.lv\/?page_id=4647"},"modified":"2018-09-26T11:31:16","modified_gmt":"2018-09-26T08:31:16","slug":"iveta-lapina","status":"publish","type":"page","link":"http:\/\/akcmv.gov.lv\/?page_id=4647","title":{"rendered":"Iveta Lapi\u0146a"},"content":{"rendered":"\n\t\t<style type=\"text\/css\">\n\t\t\t#gallery-1 {\n\t\t\t\tmargin: auto;\n\t\t\t}\n\t\t\t#gallery-1 .gallery-item {\n\t\t\t\tfloat: left;\n\t\t\t\tmargin-top: 10px;\n\t\t\t\ttext-align: center;\n\t\t\t\twidth: 100%;\n\t\t\t}\n\t\t\t#gallery-1 img {\n\t\t\t\tborder: 2px solid #cfcfcf;\n\t\t\t}\n\t\t\t#gallery-1 .gallery-caption {\n\t\t\t\tmargin-left: 0;\n\t\t\t}\n\t\t\t\/* see gallery_shortcode() in wp-includes\/media.php *\/\n\t\t<\/style>\n\t\t<div id='gallery-1' class='gallery galleryid-4647 gallery-columns-1 gallery-size-medium'><dl class='gallery-item'>\n\t\t\t<dt class='gallery-icon landscape'>\n\t\t\t\t<a class=\"grouped_elements\" rel=\"tc-fancybox-group\" href=\"http:\/\/akcmv.gov.lv\/wp-content\/uploads\/2018\/09\/Lapina_Iveta.jpg\" title=\"\"><img loading=\"lazy\" decoding=\"async\" width=\"300\" height=\"200\" src=\"http:\/\/akcmv.gov.lv\/wp-content\/uploads\/2018\/09\/Lapina_Iveta-300x200.jpg\" class=\"attachment-medium size-medium\" alt=\"\" srcset=\"http:\/\/akcmv.gov.lv\/wp-content\/uploads\/2018\/09\/Lapina_Iveta-300x200.jpg 300w, http:\/\/akcmv.gov.lv\/wp-content\/uploads\/2018\/09\/Lapina_Iveta-768x512.jpg 768w, http:\/\/akcmv.gov.lv\/wp-content\/uploads\/2018\/09\/Lapina_Iveta-1024x683.jpg 1024w\" sizes=\"auto, (max-width: 300px) 100vw, 300px\" \/><\/a>\n\t\t\t<\/dt><\/dl><br style=\"clear: both\" \/>\n\t\t<\/div>\n\n<h1 style=\"text-align: center;\"><span style=\"color: #ff6600;\"><strong>Iveta Lapi\u0146a<\/strong><\/span><\/h1>\n<p style=\"text-align: center;\"><strong>kordiri\u0123ente, solfed\u017eo skolot\u0101ja, AKCMV absolvente<\/strong><\/p>\n<hr \/>\n<p style=\"text-align: justify;\"><strong><span style=\"color: #ff6600;\">Par skolot\u0101ju:<\/span><\/strong><br \/>\n<strong>I.Lapi\u0146a:<\/strong><em>\u00a0&#8220;Mana liel\u0101k\u0101 m\u012blest\u012bba ir koris, pa\u0161laik vadu tr\u012bs korus. Kori skat\u0113s start\u0113 vienm\u0113r ar \u013coti labiem rezult\u0101tiem un ar\u012b koncertos vienm\u0113r cen\u0161amies r\u0101d\u012bt \u013coti labu sniegumu. Gan str\u0101d\u0101jot ar kori, gan m\u0101cot solfed\u017eo, cen\u0161os audz\u0113k\u0146iem m\u0101c\u012bt, ka viss sare\u017e\u0123\u012btais beig\u0101s izr\u0101d\u0101s vienk\u0101r\u0161s. Tikai j\u0101cen\u0161as saprast un nedaudz j\u0101iegulda darbs.<\/em><em style=\"font-weight: inherit;\">&#8220;<\/em><\/p>\n<p style=\"text-align: justify;\"><strong><span style=\"color: #ff6600;\">Skolot\u0101jas v\u0113l\u0113jums audz\u0113k\u0146iem:<br \/>\n<\/span><\/strong><em>&#8220;Nebaid\u012bties no gr\u016bt\u012bb\u0101m un nezin\u0101m\u0101! K\u0101 zin\u0101ms, s\u016bram darbam saldi aug\u013ci. M\u016bzi\u0137a profesija ir rado\u0161a, skaista, bet ar\u012b gr\u016bta, tie\u0161i t\u0101p\u0113c interesanta. Izlemiet un n\u0101ciet, uz tik\u0161anos skol\u0101! \u0160ie \u010detri gadi b\u016bs skaist\u0101kais laiks j\u016bsu dz\u012bv\u0113.<\/em><em style=\"font-weight: inherit;\">&#8220;<\/em><\/p>\n<p><strong><span style=\"color: #ff6600;\">Sazi\u0146ai:\u00a0<\/span><\/strong><\/p>\n<p>e-pasts: <a href=\"mailto:konsonanse@inbox.lv\">konsonanse@inbox.lv<\/a><\/p>\n","protected":false},"excerpt":{"rendered":"<p>Iveta Lapi\u0146a kordiri\u0123ente, solfed\u017eo skolot\u0101ja, AKCMV absolvente Par skolot\u0101ju: I.Lapi\u0146a:\u00a0&#8220;Mana liel\u0101k\u0101 m\u012blest\u012bba ir koris, pa\u0161laik vadu tr\u012bs korus. Kori skat\u0113s start\u0113 vienm\u0113r ar \u013coti labiem rezult\u0101tiem un ar\u012b koncertos vienm\u0113r cen\u0161amies r\u0101d\u012bt \u013coti labu sniegumu. Gan str\u0101d\u0101jot ar kori, gan m\u0101cot solfed\u017eo, cen\u0161os audz\u0113k\u0146iem m\u0101c\u012bt, ka viss sare\u017e\u0123\u012btais beig\u0101s izr\u0101d\u0101s vienk\u0101r\u0161s. Tikai j\u0101cen\u0161as saprast un [&hellip;]<\/p>\n","protected":false},"author":2,"featured_media":0,"parent":0,"menu_order":0,"comment_status":"closed","ping_status":"closed","template":"","meta":{"footnotes":""},"class_list":["post-4647","page","type-page","status-publish","czr-hentry"],"_links":{"self":[{"href":"http:\/\/akcmv.gov.lv\/index.php?rest_route=\/wp\/v2\/pages\/4647","targetHints":{"allow":["GET"]}}],"collection":[{"href":"http:\/\/akcmv.gov.lv\/index.php?rest_route=\/wp\/v2\/pages"}],"about":[{"href":"http:\/\/akcmv.gov.lv\/index.php?rest_route=\/wp\/v2\/types\/page"}],"author":[{"embeddable":true,"href":"http:\/\/akcmv.gov.lv\/index.php?rest_route=\/wp\/v2\/users\/2"}],"replies":[{"embeddable":true,"href":"http:\/\/akcmv.gov.lv\/index.php?rest_route=%2Fwp%2Fv2%2Fcomments&post=4647"}],"version-history":[{"count":1,"href":"http:\/\/akcmv.gov.lv\/index.php?rest_route=\/wp\/v2\/pages\/4647\/revisions"}],"predecessor-version":[{"id":4649,"href":"http:\/\/akcmv.gov.lv\/index.php?rest_route=\/wp\/v2\/pages\/4647\/revisions\/4649"}],"wp:attachment":[{"href":"http:\/\/akcmv.gov.lv\/index.php?rest_route=%2Fwp%2Fv2%2Fmedia&parent=4647"}],"curies":[{"name":"wp","href":"https:\/\/api.w.org\/{rel}","templated":true}]}}