{"id":4672,"date":"2018-09-25T15:17:33","date_gmt":"2018-09-25T12:17:33","guid":{"rendered":"http:\/\/akcmv.gov.lv\/?page_id=4672"},"modified":"2025-11-26T14:05:31","modified_gmt":"2025-11-26T12:05:31","slug":"stigu-instrumentu-nodala","status":"publish","type":"page","link":"http:\/\/akcmv.gov.lv\/?page_id=4672","title":{"rendered":"Izgl\u012bt\u012bbas programma &#8220;St\u012bgu instrumentu sp\u0113le&#8221;"},"content":{"rendered":"<p><em>Alfr\u0113dskolas<\/em>\u00a0St\u012bgu instrumentu sp\u0113les izgl\u012bt\u012bbas programmas ir viens no skolas st\u016brakme\u0146iem. Vai t\u0101 b\u016btu latviski dzidr\u0101 kokle, daudzveid\u012bg\u0101 \u0123it\u0101ra, skan\u012bg\u0101 vijole vai smeldz\u012bgais \u010dells \u2013 st\u012bgu instrumentu skan\u0113jums gan solo izpild\u012bjum\u0101, gan ansambl\u012b, gan or\u0137estr\u012b valdzina un iedvesmo ikvienu klaus\u012bt\u0101ju.<\/p>\n<p>St\u012bgu instrumentu sp\u0113les pamatus\u00a0<em>Alfr\u0113dskol\u0101\u00a0<\/em>licis skolot\u0101js Verners Taube, kura vad\u012bb\u0101 m\u0101c\u012bju\u0161ies pirmie C\u0113su <strong>vijolnieki<\/strong>. V\u0113l\u0101kais skolas direktors, vijoles sp\u0113les pedagogs Helmers Pavasars izveidojis ar\u012b <strong>\u010della<\/strong> klasi un dibin\u0101jis simfonisko or\u0137estri. Iev\u0113rojams ir skolot\u0101ja un komponista K\u0101r\u013ca Veilanda ieguld\u012bjums \u2013 pie vi\u0146a ir m\u0101c\u012bju\u0161ies daudzi v\u0113l\u0101kie m\u016bsu skolas pedagogi un iev\u0113rojami Latvijas m\u016bzikas dz\u012bves veidot\u0101ji.<\/p>\n<p>Le\u0123end\u0101rs ir skolot\u0101ja Rom\u0101na Villeru\u0161a un Igora Grapa-Gr\u0101fa devums. Rom\u0101ns Villeru\u0161s ir daudzu sp\u0113j\u012bgu audz\u0113k\u0146u pedagogs, n\u0101kamo Vidzemes m\u016bzikas skolu vijoles sp\u0113les skolot\u0101ju audzin\u0101t\u0101js. I.Graps-Gr\u0101fs ir Vidzemes kameror\u0137estra dibin\u0101t\u0101js, daudzu pedagogu un or\u0137estra m\u016bzi\u0137u skolot\u0101js. \u0160obr\u012bd Vidzemes Kameror\u0137estra m\u0101kslinieciskais vad\u012bt\u0101js ir Andris Veismanis. Jau 15 gadus vasaras izska\u0146\u0101 august\u0101 Vidzemes m\u016bzikas skolu talant\u012bg\u0101kiem audz\u0113k\u0146iem ir dota iesp\u0113ja muzic\u0113t kop\u0101 ar Vidzemes kameror\u0137estri \u201dVidzemes talantu \u201dkoncert\u0101.<\/p>\n<p>Or\u0137estra trad\u012bcijas turpin\u0101t\u0101js skol\u0101 ir vijolnieks, diri\u0123ents un komponists Andris Rieksti\u0146\u0161, kur\u0161 vad\u012bjis skolas kameror\u0137estri un pedagogu st\u012bgu kvartetu, veidojis aran\u017e\u0113jumus da\u017e\u0101diem sast\u0101viem un raksta ori\u0123in\u0101lm\u016bziku, bez kuras nav iedom\u0101jama skolas dz\u012bve daudzu gadu garum\u0101. A.Rieksti\u0146\u0161 bijis ar\u012b \u00a0virsdiri\u0123ents Vidzemes m\u016bzikas skolu apvienotaj\u0101 simfoniskaj\u0101 or\u0137estr\u012b.<\/p>\n<p>St\u012bgu instrumentu sp\u0113les programmas vad\u012bt\u0101ja ir \u010della sp\u0113les skolot\u0101ja Inese Nelsone. Lai pilnveidotu jauno \u010della sp\u0113les izpild\u012btajm\u0101kslinieku profesion\u0101lo pieredzi un izaugsmi 2024.gad\u0101 AKCMV sadarb\u012bb\u0101 ar C\u0113su Domi un Koncertz\u0101li C\u0113sis organiz\u0113 pirmo starptautisko \u010dellistu konkursu \u201d\u010cello C\u0113sis\u201d. T\u0101 idejas autore un M\u0101ksliniecisk\u0101 vad\u012bt\u0101ja ir Inese Nelsone.<\/p>\n<p>Skol\u0101 darbu turpina Alfr\u0113dskolas absolventi &#8211; vijoles sp\u0113les skolot\u0101ja Imalda Pabi\u0101na, Agnis Kr\u016bz\u012btis &#8211; vijoles un alta sp\u0113les skolot\u0101js, \u010della sp\u0113les skolot\u0101ja Ilze Petrovska. Vijoles sp\u0113li m\u0101ca ar\u012b Fiona Viln\u012bte, kura veido ar\u012b ska\u0146darbu aran\u017eijas jaun\u0101ko kla\u0161u audz\u0113k\u0146u kameror\u0137estrim, Katr\u012bna Eglona, Daina Birzniece, Inese Nelsone, Andris Rieksti\u0146\u0161.<\/p>\n<p>\u0160obr\u012bd skol\u0101 st\u012bgu instrumentu sp\u0113les audz\u0113k\u0146i muzic\u0113 divos kameror\u0137estru sast\u0101vos-jaun\u0101ko kla\u0161u C\u0113su M\u016bzikas skolas kameror\u0137estr\u012b, kuru vada Inese Nelsone, Fiona Viln\u012bte, diri\u0123ents J\u0101nis Jansons un vidusskolas kameror\u0137estr\u012b, kuru vada Patriks K\u0101rlis Stepe.<\/p>\n<p>St\u012bgu instrumentu sp\u0113les audz\u0113k\u0146i akt\u012bvi piedal\u0101s da\u017e\u0101dos konkursos, festiv\u0101los, regul\u0101ri koncert\u0113 Latvij\u0101 un \u0101rpus t\u0101s robe\u017e\u0101m, p\u0113c studij\u0101m JVLMA sp\u0113l\u0113 Latvijas profesion\u0101lajos simfoniskajos or\u0137estros, str\u0101d\u0101 k\u0101 pedagogi m\u016bzikas skol\u0101s.<\/p>\n<p>Alfr\u0113da Kalni\u0146a C\u0113su M\u016bzikas vidusskolas St\u012bgu instrumentu sp\u0113les izgl\u012bt\u012bbas programm\u0101s skan ar\u012b kokles un \u0123it\u0101ras.<\/p>\n<p><strong>\u0122it\u0101ra<\/strong> Alfr\u0113dskol\u0101 ieskan\u0113j\u0101s 80-tajos gados, kad instrumenta sp\u0113li var\u0113ja apg\u016bt pie skolot\u0101jiem J\u0101\u0146a \u0160ulca, Nika An\u010da, Ein\u0101ra Rub\u012bna. Ta\u010du patst\u0101v\u012bgu darbu \u0123it\u0101ras sp\u0113les klase uzs\u0101ka 2004.gad\u0101 skolot\u0101jas Elitas Zviedr\u0101nes vad\u012bb\u0101. S\u0101kum\u0101 \u0123it\u0101rsp\u0113li apguva neliels skaits audz\u0113k\u0146u, bet, pateicoties skolot\u0101jas aizraut\u012bgajam darbam un audz\u0113k\u0146u pan\u0101kumiem, interese par \u0123it\u0101ras sp\u0113li tikai palielin\u0101jusies.<\/p>\n<p>Jaunie \u0123it\u0101risti koncert\u0113ju\u0161i da\u017e\u0101da m\u0113roga pas\u0101kumos, piedal\u012bju\u0161ies gan re\u0123iona gan valsts, gan starptautiskos konkursos un festiv\u0101los, kuros guvu\u0161i godalgotas vietas un profesion\u0101\u013cu atzin\u012bbu. Skolot\u0101ja E.Zviedr\u0101ne akt\u012bvi iesaist\u0101s \u0123it\u0101ras sp\u0113les populariz\u0113\u0161an\u0101, vadot meistarklases un metodiskos semin\u0101rus re\u0123ion\u0101 un valst\u012b. Kop\u0101 ar audz\u0113k\u0146iem g\u016bta pieredze pie da\u017e\u0101diem \u0101rvalstu \u0123it\u0101ras sp\u0113les meistariem.<\/p>\n<p><strong>Kokles sp\u0113les klase<\/strong> <em>Alfr\u0113dskol\u0101<\/em> darbojas jau 70 gadus. 1955.gad\u0101 kokles sp\u0113li C\u0113su un apk\u0101rtnes b\u0113rniem s\u0101ka m\u0101c\u012bt Eleonora B\u0113rzi\u0146a, jauna, ener\u0123iska skolot\u0101ja, tikko pati pabeigusi Konservatoriju. Ilgus gadus C\u0113su MV bija vien\u012bg\u0101 m\u016bzikas vidusskola Latvij\u0101, kur var\u0113ja apg\u016bt kokles sp\u0113li. Padomju gados ar tik latviska instrumenta sp\u0113les apg\u016b\u0161anu nebija viegli, attieksme bija diezgan noraido\u0161a, tom\u0113r skolot\u0101ja darbu turpin\u0101ja gandr\u012bz 20 gadus.<\/p>\n<p>Skan\u012bgas <em>Alfr\u0113dskolas<\/em> kokl\u0113t\u0101ju v\u0113stures lappuses ierakst\u012btas, pateicoties kokles skolot\u0101jai Ievai Putni\u0146ai, m\u016bsu skolas absolventei. Dro\u0161i var apgalvot, ka tie\u0161i C\u0113s\u012bs vi\u0146ai rad\u0101s ideja veidot pla\u0161\u0101kus apvienotos kok\u013cu ansamb\u013cus, r\u012bkot \u0161obr\u012bd tik popul\u0101ros kok\u013cu m\u016bzikas lielkoncertus, kas ie\u0146\u0113mu\u0161i stabilu vietu Dziesmu sv\u0113tku pas\u0101kumu plej\u0101d\u0113 un ieguvu\u0161i lielu skat\u012bt\u0101ju atsauc\u012bbu. Minamas ar\u012b skolot\u0101jas Biruta Deruma, Aelita Ozoli\u0146a, Ruta B\u0113rzi\u0146a, Solveiga Ivanova un Ingr\u012bda Veismane. Vi\u0146as izskoloju\u0161as daudzas Vidzemes m\u016bzikas skolu kokles sp\u0113les skolot\u0101jas, ar\u012b Ievu Kal\u0113ju un Ilzi \u017dvarti, kuras pa\u0161laik str\u0101d\u0101 Alfr\u0113dskol\u0101. Un kop\u0161 2025.\/26.m\u0101c\u012bbu gada \u00a0vi\u0146\u0101m ir pievienojusies Samanta Ceruka, ar\u012b skolas absolvente.<\/p>\n<p>Audz\u0113k\u0146i akt\u012bvi piedal\u0101s teju visos ar kokles sp\u0113li saist\u012btajos koncertos, festiv\u0101los un konkursos. Skolas kokl\u0113t\u0101ju ansamb\u013ci ir gan Dziesmu sv\u0113tku dal\u012bbnieki, gan regul\u0101ri koncert\u0113 Latvij\u0101 un \u0101rpus t\u0101s. Skolas jaun\u0101s kokl\u0113t\u0101jas g\u016bst pan\u0101kumus ar\u012b individu\u0101li, muzic\u0113jot valsts un citos konkursos, ieg\u016bstot godalgotas vietas.<\/p>\n<p style=\"text-align: justify;\"><span style=\"color: #ff6600;\"><strong>Pedagogi:<\/strong><\/span><\/p>\n<table>\n<tbody>\n<tr>\n<td>\n<h1 style=\"text-align: center;\"><img loading=\"lazy\" decoding=\"async\" class=\"size-medium wp-image-8476 alignleft\" src=\"http:\/\/akcmv.gov.lv\/wp-content\/uploads\/2018\/09\/20220206_120504-125x300.jpg\" alt=\"\" width=\"125\" height=\"300\" srcset=\"http:\/\/akcmv.gov.lv\/wp-content\/uploads\/2018\/09\/20220206_120504-125x300.jpg 125w, http:\/\/akcmv.gov.lv\/wp-content\/uploads\/2018\/09\/20220206_120504-768x1846.jpg 768w, http:\/\/akcmv.gov.lv\/wp-content\/uploads\/2018\/09\/20220206_120504-426x1024.jpg 426w, http:\/\/akcmv.gov.lv\/wp-content\/uploads\/2018\/09\/20220206_120504.jpg 1770w\" sizes=\"auto, (max-width: 125px) 100vw, 125px\" \/><\/h1>\n<h1 style=\"text-align: center;\"><span class=\"alignnone\" style=\"color: #ff6600;\"><strong>Inese Nelsone<\/strong><\/span><\/h1>\n<h4 style=\"text-align: center;\"><strong>IZGL\u012aT\u012aBAS PROGRAMMAS VAD\u012aT\u0100JA, \u010cELLA SP\u0112LES SKOLOT\u0100JA<\/strong><\/h4>\n<p style=\"text-align: center;\"><strong><a href=\"http:\/\/akcmv.gov.lv\/?page_id=9875\">las\u012bt vair\u0101k par skolot\u0101ju<\/a><\/strong><\/p>\n<\/td>\n<\/tr>\n<tr>\n<td>\n<h1 style=\"text-align: center;\"><strong><span class=\"alignnone\" style=\"color: #ff6600;\"><img loading=\"lazy\" decoding=\"async\" class=\"size-medium wp-image-15565 alignleft\" src=\"http:\/\/akcmv.gov.lv\/wp-content\/uploads\/2025\/06\/Daina_Birzniece-300x200.jpg\" alt=\"\" width=\"300\" height=\"200\" srcset=\"http:\/\/akcmv.gov.lv\/wp-content\/uploads\/2025\/06\/Daina_Birzniece-300x200.jpg 300w, http:\/\/akcmv.gov.lv\/wp-content\/uploads\/2025\/06\/Daina_Birzniece-1024x683.jpg 1024w, http:\/\/akcmv.gov.lv\/wp-content\/uploads\/2025\/06\/Daina_Birzniece-768x512.jpg 768w, http:\/\/akcmv.gov.lv\/wp-content\/uploads\/2025\/06\/Daina_Birzniece-1536x1024.jpg 1536w, http:\/\/akcmv.gov.lv\/wp-content\/uploads\/2025\/06\/Daina_Birzniece.jpg 1975w\" sizes=\"auto, (max-width: 300px) 100vw, 300px\" \/>Daina Birzniece<\/span><\/strong><\/h1>\n<h4 style=\"text-align: center;\"><strong>VIJOLES SP\u0112LES SKOLOT\u0100JA<\/strong><\/h4>\n<p style=\"text-align: center;\"><strong><a href=\"https:\/\/akcmv.gov.lv\/?page_id=15563\">las\u012bt vair\u0101k par skolot\u0101ju<\/a><\/strong><\/p>\n<\/td>\n<\/tr>\n<tr>\n<td><img loading=\"lazy\" decoding=\"async\" class=\"wp-image-15939 alignleft\" src=\"http:\/\/akcmv.gov.lv\/wp-content\/uploads\/2025\/10\/Samanta_Ceruka.jpg\" alt=\"Samanta Ceruka\" width=\"300\" height=\"200\" \/><\/p>\n<h1 style=\"text-align: center;\"><strong><span class=\"alignnone\" style=\"color: #ff6600;\">Samanta Ceruka<\/span><\/strong><\/h1>\n<h4 style=\"text-align: center;\"><strong>KOKLES SP\u0112LES SKOLOT\u0100JA<\/strong><\/h4>\n<p style=\"text-align: center;\">\n<\/td>\n<\/tr>\n<tr>\n<td>\n<h1 style=\"text-align: center;\"><strong><span class=\"alignnone\" style=\"color: #ff6600;\"><img loading=\"lazy\" decoding=\"async\" class=\"size-medium wp-image-15633 alignleft\" src=\"http:\/\/akcmv.gov.lv\/wp-content\/uploads\/2025\/08\/Katrina_Eglona-225x300.jpg\" alt=\"\" width=\"225\" height=\"300\" srcset=\"http:\/\/akcmv.gov.lv\/wp-content\/uploads\/2025\/08\/Katrina_Eglona-225x300.jpg 225w, http:\/\/akcmv.gov.lv\/wp-content\/uploads\/2025\/08\/Katrina_Eglona-768x1024.jpg 768w, http:\/\/akcmv.gov.lv\/wp-content\/uploads\/2025\/08\/Katrina_Eglona-1152x1536.jpg 1152w, http:\/\/akcmv.gov.lv\/wp-content\/uploads\/2025\/08\/Katrina_Eglona-1536x2048.jpg 1536w, http:\/\/akcmv.gov.lv\/wp-content\/uploads\/2025\/08\/Katrina_Eglona-scaled.jpg 1920w\" sizes=\"auto, (max-width: 225px) 100vw, 225px\" \/> Katr\u012bna Eglona<\/span><\/strong><\/h1>\n<h4 style=\"text-align: center;\"><strong>VIJOLES SP\u0112LES SKOLOT\u0100JA<br \/>\n<a href=\"https:\/\/akcmv.gov.lv\/?page_id=15632\">las\u012bt vair\u0101k par skolot\u0101ju<\/a><\/strong><\/h4>\n<p style=\"text-align: center;\">\n<\/td>\n<\/tr>\n<tr>\n<td><img decoding=\"async\" class=\"alignleft\" src=\"http:\/\/akcmv.gov.lv\/wp-content\/uploads\/2018\/06\/blank-profile-picture-973460_1280-150x150.png\" \/><\/p>\n<h1 style=\"text-align: center;\"><strong><span class=\"alignnone\" style=\"color: #ff6600;\">Agnis Kr\u016bz\u012btis<\/span><\/strong><\/h1>\n<h4 style=\"text-align: center;\"><strong>VIJOLES SP\u0112LES SKOLOT\u0100JS<\/strong><\/h4>\n<p style=\"text-align: center;\">\n<\/td>\n<\/tr>\n<tr>\n<td>\n<h1 style=\"text-align: center;\"><img loading=\"lazy\" decoding=\"async\" class=\"wp-image-11510 size-medium alignleft\" src=\"http:\/\/akcmv.gov.lv\/wp-content\/uploads\/2023\/09\/Ieva_Lapsane_web-200x300.jpg\" alt=\"Ieva Lap\u0161\u0101ne\" width=\"200\" height=\"300\" srcset=\"http:\/\/akcmv.gov.lv\/wp-content\/uploads\/2023\/09\/Ieva_Lapsane_web-200x300.jpg 200w, http:\/\/akcmv.gov.lv\/wp-content\/uploads\/2023\/09\/Ieva_Lapsane_web-683x1024.jpg 683w, http:\/\/akcmv.gov.lv\/wp-content\/uploads\/2023\/09\/Ieva_Lapsane_web-768x1152.jpg 768w, http:\/\/akcmv.gov.lv\/wp-content\/uploads\/2023\/09\/Ieva_Lapsane_web-1024x1536.jpg 1024w, http:\/\/akcmv.gov.lv\/wp-content\/uploads\/2023\/09\/Ieva_Lapsane_web-1365x2048.jpg 1365w, http:\/\/akcmv.gov.lv\/wp-content\/uploads\/2023\/09\/Ieva_Lapsane_web-scaled.jpg 1707w\" sizes=\"auto, (max-width: 200px) 100vw, 200px\" \/><\/h1>\n<h1 style=\"text-align: center;\"><\/h1>\n<h1 style=\"text-align: center;\"><strong><span class=\"alignnone\" style=\"color: #ff6600;\">Ieva Kal\u0113ja<\/span><\/strong><\/h1>\n<h4 style=\"text-align: center;\"><strong>KOKLES SP\u0112LES\u00a0SKOLOT\u0100JA<\/strong><\/h4>\n<p style=\"text-align: center;\"><a href=\"http:\/\/akcmv.gov.lv\/?page_id=4673&amp;preview=true\"><strong>las\u012bt vair\u0101k\u00a0par skolot\u0101ju<\/strong><\/a><\/p>\n<p style=\"text-align: center;\">\n<\/td>\n<\/tr>\n<tr>\n<td><img loading=\"lazy\" decoding=\"async\" class=\"size-medium wp-image-4678 alignleft\" src=\"http:\/\/akcmv.gov.lv\/wp-content\/uploads\/2018\/09\/Pabiana_Imalda-210x300.jpg\" alt=\"\" width=\"210\" height=\"300\" srcset=\"http:\/\/akcmv.gov.lv\/wp-content\/uploads\/2018\/09\/Pabiana_Imalda-210x300.jpg 210w, http:\/\/akcmv.gov.lv\/wp-content\/uploads\/2018\/09\/Pabiana_Imalda-768x1097.jpg 768w, http:\/\/akcmv.gov.lv\/wp-content\/uploads\/2018\/09\/Pabiana_Imalda-717x1024.jpg 717w, http:\/\/akcmv.gov.lv\/wp-content\/uploads\/2018\/09\/Pabiana_Imalda.jpg 827w\" sizes=\"auto, (max-width: 210px) 100vw, 210px\" \/><\/p>\n<h1 style=\"text-align: center;\"><strong><span style=\"color: #ff6600;\">Imalda Pabi\u0101na<\/span><\/strong><\/h1>\n<h4 style=\"text-align: center;\"><strong>VIJOLES SP\u0112LES SKOLOT\u0100JA<\/strong><\/h4>\n<p style=\"text-align: center;\"><a href=\"http:\/\/akcmv.gov.lv\/?page_id=4679&amp;preview=true\"><strong>las\u012bt vair\u0101k\u00a0par skolot\u0101ju<\/strong><\/a><\/p>\n<\/td>\n<\/tr>\n<tr>\n<td><img decoding=\"async\" class=\"alignleft\" src=\"http:\/\/akcmv.gov.lv\/wp-content\/uploads\/2018\/06\/blank-profile-picture-973460_1280-150x150.png\" \/><\/p>\n<h1 style=\"text-align: center;\"><strong><span style=\"color: #ff6600;\">Ilze Petrovska<\/span><\/strong><\/h1>\n<h4 style=\"text-align: center;\"><strong>\u010cELLA\u00a0SP\u0112LES SKOLOT\u0100JA<\/strong><\/h4>\n<p style=\"text-align: center;\">\n<\/td>\n<\/tr>\n<tr>\n<td>\n<h1 style=\"text-align: center;\"><strong style=\"font-size: inherit;\"><span style=\"color: #ff6600;\"><img loading=\"lazy\" decoding=\"async\" class=\" wp-image-15249 alignleft\" src=\"http:\/\/akcmv.gov.lv\/wp-content\/uploads\/2025\/05\/Fiona-Mary-Vilnite_web-300x169.jpg\" alt=\"\" width=\"236\" height=\"133\" srcset=\"http:\/\/akcmv.gov.lv\/wp-content\/uploads\/2025\/05\/Fiona-Mary-Vilnite_web-300x169.jpg 300w, http:\/\/akcmv.gov.lv\/wp-content\/uploads\/2025\/05\/Fiona-Mary-Vilnite_web-1024x576.jpg 1024w, http:\/\/akcmv.gov.lv\/wp-content\/uploads\/2025\/05\/Fiona-Mary-Vilnite_web-768x432.jpg 768w, http:\/\/akcmv.gov.lv\/wp-content\/uploads\/2025\/05\/Fiona-Mary-Vilnite_web-1536x864.jpg 1536w, http:\/\/akcmv.gov.lv\/wp-content\/uploads\/2025\/05\/Fiona-Mary-Vilnite_web-2048x1152.jpg 2048w\" sizes=\"auto, (max-width: 236px) 100vw, 236px\" \/><\/span><\/strong><strong><span style=\"color: #ff6600;\"> Fiona Vilnite<\/span><\/strong><\/h1>\n<h4 style=\"text-align: center;\"><strong>VIJOLES SP\u0112LES SKOLOT\u0100JA<\/strong><\/h4>\n<h4 style=\"text-align: center;\"><a href=\"http:\/\/akcmv.gov.lv\/?page_id=4685&amp;preview=true\"><strong>las\u012bt vair\u0101k\u00a0par skolot\u0101ju<\/strong><\/a><\/h4>\n<p style=\"text-align: center;\">\n<\/td>\n<\/tr>\n<tr>\n<td>\n<h1 style=\"text-align: center;\"><img loading=\"lazy\" decoding=\"async\" class=\"size-medium wp-image-4632 alignleft\" src=\"http:\/\/akcmv.gov.lv\/wp-content\/uploads\/2018\/09\/Zviedrane_Elita-1-e1536229150828-200x300.jpg\" alt=\"\" width=\"200\" height=\"300\" srcset=\"http:\/\/akcmv.gov.lv\/wp-content\/uploads\/2018\/09\/Zviedrane_Elita-1-e1536229150828-200x300.jpg 200w, http:\/\/akcmv.gov.lv\/wp-content\/uploads\/2018\/09\/Zviedrane_Elita-1-e1536229150828-768x1152.jpg 768w, http:\/\/akcmv.gov.lv\/wp-content\/uploads\/2018\/09\/Zviedrane_Elita-1-e1536229150828-683x1024.jpg 683w\" sizes=\"auto, (max-width: 200px) 100vw, 200px\" \/><\/h1>\n<h1 style=\"text-align: center;\">\u00a0<span class=\"alignnone\" style=\"color: #ff6600;\"><strong>Elita Zviedr\u0101ne<\/strong><\/span><\/h1>\n<h4 style=\"text-align: center;\"><strong>\u0122IT\u0100RAS SP\u0112LES\u00a0SKOLOT\u0100JA<\/strong><\/h4>\n<h4 style=\"text-align: center;\"><a href=\"http:\/\/akcmv.gov.lv\/?page_id=4629&amp;preview=true\"><strong>las\u012bt vair\u0101k\u00a0par skolot\u0101ju<\/strong><\/a><\/h4>\n<\/td>\n<\/tr>\n<tr>\n<td><img loading=\"lazy\" decoding=\"async\" class=\"size-medium wp-image-13361 alignleft\" src=\"http:\/\/akcmv.gov.lv\/wp-content\/uploads\/2024\/05\/Ilze_Zvarte-196x300.jpg\" alt=\"Ilze \u017dvarte\" width=\"196\" height=\"300\" srcset=\"http:\/\/akcmv.gov.lv\/wp-content\/uploads\/2024\/05\/Ilze_Zvarte-196x300.jpg 196w, http:\/\/akcmv.gov.lv\/wp-content\/uploads\/2024\/05\/Ilze_Zvarte-670x1024.jpg 670w, http:\/\/akcmv.gov.lv\/wp-content\/uploads\/2024\/05\/Ilze_Zvarte-768x1174.jpg 768w, http:\/\/akcmv.gov.lv\/wp-content\/uploads\/2024\/05\/Ilze_Zvarte.jpg 940w\" sizes=\"auto, (max-width: 196px) 100vw, 196px\" \/><\/p>\n<h1 style=\"text-align: center;\"><strong><span style=\"color: #ff6600;\">Ilze \u017dvarte<\/span><\/strong><\/h1>\n<h4 style=\"text-align: center;\"><strong>KOKLES\u00a0SP\u0112LES SKOLOT\u0100JA<\/strong><\/h4>\n<p style=\"text-align: center;\">\n<\/td>\n<\/tr>\n<\/tbody>\n<\/table>\n","protected":false},"excerpt":{"rendered":"<p>Alfr\u0113dskolas\u00a0St\u012bgu instrumentu sp\u0113les izgl\u012bt\u012bbas programmas ir viens no skolas st\u016brakme\u0146iem. Vai t\u0101 b\u016btu latviski dzidr\u0101 kokle, daudzveid\u012bg\u0101 \u0123it\u0101ra, skan\u012bg\u0101 vijole vai smeldz\u012bgais \u010dells \u2013 st\u012bgu instrumentu skan\u0113jums gan solo izpild\u012bjum\u0101, gan ansambl\u012b, gan or\u0137estr\u012b valdzina un iedvesmo ikvienu klaus\u012bt\u0101ju. St\u012bgu instrumentu sp\u0113les pamatus\u00a0Alfr\u0113dskol\u0101\u00a0licis skolot\u0101js Verners Taube, kura vad\u012bb\u0101 m\u0101c\u012bju\u0161ies pirmie C\u0113su vijolnieki. V\u0113l\u0101kais skolas direktors, [&hellip;]<\/p>\n","protected":false},"author":2,"featured_media":0,"parent":0,"menu_order":0,"comment_status":"closed","ping_status":"closed","template":"","meta":{"footnotes":""},"class_list":["post-4672","page","type-page","status-publish","czr-hentry"],"_links":{"self":[{"href":"http:\/\/akcmv.gov.lv\/index.php?rest_route=\/wp\/v2\/pages\/4672","targetHints":{"allow":["GET"]}}],"collection":[{"href":"http:\/\/akcmv.gov.lv\/index.php?rest_route=\/wp\/v2\/pages"}],"about":[{"href":"http:\/\/akcmv.gov.lv\/index.php?rest_route=\/wp\/v2\/types\/page"}],"author":[{"embeddable":true,"href":"http:\/\/akcmv.gov.lv\/index.php?rest_route=\/wp\/v2\/users\/2"}],"replies":[{"embeddable":true,"href":"http:\/\/akcmv.gov.lv\/index.php?rest_route=%2Fwp%2Fv2%2Fcomments&post=4672"}],"version-history":[{"count":32,"href":"http:\/\/akcmv.gov.lv\/index.php?rest_route=\/wp\/v2\/pages\/4672\/revisions"}],"predecessor-version":[{"id":16286,"href":"http:\/\/akcmv.gov.lv\/index.php?rest_route=\/wp\/v2\/pages\/4672\/revisions\/16286"}],"wp:attachment":[{"href":"http:\/\/akcmv.gov.lv\/index.php?rest_route=%2Fwp%2Fv2%2Fmedia&parent=4672"}],"curies":[{"name":"wp","href":"https:\/\/api.w.org\/{rel}","templated":true}]}}