{"id":4679,"date":"2018-09-26T11:30:57","date_gmt":"2018-09-26T08:30:57","guid":{"rendered":"http:\/\/akcmv.gov.lv\/?page_id=4679"},"modified":"2018-09-26T11:30:57","modified_gmt":"2018-09-26T08:30:57","slug":"imalda-pabiana","status":"publish","type":"page","link":"http:\/\/akcmv.gov.lv\/?page_id=4679","title":{"rendered":"Imalda Pabi\u0101na"},"content":{"rendered":"\n\t\t<style type=\"text\/css\">\n\t\t\t#gallery-1 {\n\t\t\t\tmargin: auto;\n\t\t\t}\n\t\t\t#gallery-1 .gallery-item {\n\t\t\t\tfloat: left;\n\t\t\t\tmargin-top: 10px;\n\t\t\t\ttext-align: center;\n\t\t\t\twidth: 100%;\n\t\t\t}\n\t\t\t#gallery-1 img {\n\t\t\t\tborder: 2px solid #cfcfcf;\n\t\t\t}\n\t\t\t#gallery-1 .gallery-caption {\n\t\t\t\tmargin-left: 0;\n\t\t\t}\n\t\t\t\/* see gallery_shortcode() in wp-includes\/media.php *\/\n\t\t<\/style>\n\t\t<div id='gallery-1' class='gallery galleryid-4679 gallery-columns-1 gallery-size-medium'><dl class='gallery-item'>\n\t\t\t<dt class='gallery-icon portrait'>\n\t\t\t\t<a class=\"grouped_elements\" rel=\"tc-fancybox-group\" href=\"http:\/\/akcmv.gov.lv\/wp-content\/uploads\/2018\/09\/Pabiana_Imalda-1.jpg\" title=\"\"><img loading=\"lazy\" decoding=\"async\" width=\"210\" height=\"300\" src=\"http:\/\/akcmv.gov.lv\/wp-content\/uploads\/2018\/09\/Pabiana_Imalda-1-210x300.jpg\" class=\"attachment-medium size-medium\" alt=\"\" srcset=\"http:\/\/akcmv.gov.lv\/wp-content\/uploads\/2018\/09\/Pabiana_Imalda-1-210x300.jpg 210w, http:\/\/akcmv.gov.lv\/wp-content\/uploads\/2018\/09\/Pabiana_Imalda-1-768x1097.jpg 768w, http:\/\/akcmv.gov.lv\/wp-content\/uploads\/2018\/09\/Pabiana_Imalda-1-717x1024.jpg 717w, http:\/\/akcmv.gov.lv\/wp-content\/uploads\/2018\/09\/Pabiana_Imalda-1.jpg 827w\" sizes=\"auto, (max-width: 210px) 100vw, 210px\" \/><\/a>\n\t\t\t<\/dt><\/dl><br style=\"clear: both\" \/>\n\t\t<\/div>\n\n<h1 style=\"text-align: center;\"><span style=\"color: #ff6600;\"><strong>Imalda Pabi\u0101na<\/strong><\/span><\/h1>\n<p style=\"text-align: center;\"><strong>Vijoles\u00a0sp\u0113les\u00a0skolot\u0101ja, AKCMV absolvente<\/strong><\/p>\n<hr \/>\n<p style=\"text-align: justify;\"><strong><span style=\"color: #ff6600;\">Par skolot\u0101ju:<\/span><\/strong><\/p>\n<p style=\"text-align: justify;\"><strong>I.Pabi\u0101na:<\/strong> <em>&#8220;1970.gad\u0101 s\u0101ku m\u0101c\u012bt vijoles sp\u0113li Al\u016bksnes m\u016bzikas skol\u0101. S\u0101kot no 1973. gada, str\u0101d\u0101 Alfr\u0113da Kalni\u0146a C\u0113su M\u016bzikas vidusskol\u0101. \u0160obr\u012bd m\u0101cu vijoles sp\u0113li, bet esmu ar\u012b m\u0101c\u012bjusi ar\u012b vijoles sp\u0113les metodiku, st\u012bgu instrumentu sp\u0113les v\u0113sturi, daudzus gadus esmu bijusi st\u012bgu instrumentu noda\u013cas vad\u012bt\u0101ja. Mani audz\u0113k\u0146i turpin\u0101ju\u0161i m\u0101c\u012bbas m\u016bzikas augstskol\u0101s, str\u0101d\u0101 re\u0123iona m\u016bzikas skol\u0101s, sp\u0113l\u0113 valsts or\u0137estros. Liep\u0101jas simfoniskaj\u0101 or\u0137estr\u012b sp\u0113l\u0113 Ginta Al\u017e\u0101ne, &#8220;Sinfonietta R\u012bga&#8221; &#8211; Baiba Biez\u0101, Latvijas Nacion\u0101l\u0101s Operas un Baleta or\u0137estr\u012b &#8211; Dace R\u012bdi\u0146a.&#8221;<\/em><\/p>\n<p style=\"text-align: justify;\"><strong><span style=\"color: #ff6600;\">Skolot\u0101jas v\u0113l\u0113jums audz\u0113k\u0146iem:<br \/>\n<\/span><\/strong><em>&#8220;Paciet\u012bbu, darba sp\u0113jas un ar\u012b sp\u0113les prieku!&#8221;<\/em><\/p>\n<p>&nbsp;<\/p>\n<p>&nbsp;<\/p>\n","protected":false},"excerpt":{"rendered":"<p>Imalda Pabi\u0101na Vijoles\u00a0sp\u0113les\u00a0skolot\u0101ja, AKCMV absolvente Par skolot\u0101ju: I.Pabi\u0101na: &#8220;1970.gad\u0101 s\u0101ku m\u0101c\u012bt vijoles sp\u0113li Al\u016bksnes m\u016bzikas skol\u0101. S\u0101kot no 1973. gada, str\u0101d\u0101 Alfr\u0113da Kalni\u0146a C\u0113su M\u016bzikas vidusskol\u0101. \u0160obr\u012bd m\u0101cu vijoles sp\u0113li, bet esmu ar\u012b m\u0101c\u012bjusi ar\u012b vijoles sp\u0113les metodiku, st\u012bgu instrumentu sp\u0113les v\u0113sturi, daudzus gadus esmu bijusi st\u012bgu instrumentu noda\u013cas vad\u012bt\u0101ja. Mani audz\u0113k\u0146i turpin\u0101ju\u0161i m\u0101c\u012bbas m\u016bzikas [&hellip;]<\/p>\n","protected":false},"author":2,"featured_media":0,"parent":0,"menu_order":0,"comment_status":"closed","ping_status":"closed","template":"","meta":{"footnotes":""},"class_list":["post-4679","page","type-page","status-publish","czr-hentry"],"_links":{"self":[{"href":"http:\/\/akcmv.gov.lv\/index.php?rest_route=\/wp\/v2\/pages\/4679","targetHints":{"allow":["GET"]}}],"collection":[{"href":"http:\/\/akcmv.gov.lv\/index.php?rest_route=\/wp\/v2\/pages"}],"about":[{"href":"http:\/\/akcmv.gov.lv\/index.php?rest_route=\/wp\/v2\/types\/page"}],"author":[{"embeddable":true,"href":"http:\/\/akcmv.gov.lv\/index.php?rest_route=\/wp\/v2\/users\/2"}],"replies":[{"embeddable":true,"href":"http:\/\/akcmv.gov.lv\/index.php?rest_route=%2Fwp%2Fv2%2Fcomments&post=4679"}],"version-history":[{"count":1,"href":"http:\/\/akcmv.gov.lv\/index.php?rest_route=\/wp\/v2\/pages\/4679\/revisions"}],"predecessor-version":[{"id":4682,"href":"http:\/\/akcmv.gov.lv\/index.php?rest_route=\/wp\/v2\/pages\/4679\/revisions\/4682"}],"wp:attachment":[{"href":"http:\/\/akcmv.gov.lv\/index.php?rest_route=%2Fwp%2Fv2%2Fmedia&parent=4679"}],"curies":[{"name":"wp","href":"https:\/\/api.w.org\/{rel}","templated":true}]}}