{"id":4719,"date":"2018-09-26T11:30:03","date_gmt":"2018-09-26T08:30:03","guid":{"rendered":"http:\/\/akcmv.gov.lv\/?page_id=4719"},"modified":"2018-09-26T11:30:09","modified_gmt":"2018-09-26T08:30:09","slug":"dace-balode","status":"publish","type":"page","link":"http:\/\/akcmv.gov.lv\/?page_id=4719","title":{"rendered":"Dace Balode"},"content":{"rendered":"\n\t\t<style type=\"text\/css\">\n\t\t\t#gallery-1 {\n\t\t\t\tmargin: auto;\n\t\t\t}\n\t\t\t#gallery-1 .gallery-item {\n\t\t\t\tfloat: left;\n\t\t\t\tmargin-top: 10px;\n\t\t\t\ttext-align: center;\n\t\t\t\twidth: 100%;\n\t\t\t}\n\t\t\t#gallery-1 img {\n\t\t\t\tborder: 2px solid #cfcfcf;\n\t\t\t}\n\t\t\t#gallery-1 .gallery-caption {\n\t\t\t\tmargin-left: 0;\n\t\t\t}\n\t\t\t\/* see gallery_shortcode() in wp-includes\/media.php *\/\n\t\t<\/style>\n\t\t<div id='gallery-1' class='gallery galleryid-4719 gallery-columns-1 gallery-size-medium'><dl class='gallery-item'>\n\t\t\t<dt class='gallery-icon landscape'>\n\t\t\t\t<a class=\"grouped_elements\" rel=\"tc-fancybox-group\" href=\"http:\/\/akcmv.gov.lv\/wp-content\/uploads\/2018\/09\/IMG_3471-1.jpg\" title=\"IMG_3471\"><img loading=\"lazy\" decoding=\"async\" width=\"300\" height=\"200\" src=\"http:\/\/akcmv.gov.lv\/wp-content\/uploads\/2018\/09\/IMG_3471-1-300x200.jpg\" class=\"attachment-medium size-medium\" alt=\"\" srcset=\"http:\/\/akcmv.gov.lv\/wp-content\/uploads\/2018\/09\/IMG_3471-1-300x200.jpg 300w, http:\/\/akcmv.gov.lv\/wp-content\/uploads\/2018\/09\/IMG_3471-1-768x512.jpg 768w, http:\/\/akcmv.gov.lv\/wp-content\/uploads\/2018\/09\/IMG_3471-1-1024x683.jpg 1024w\" sizes=\"auto, (max-width: 300px) 100vw, 300px\" \/><\/a>\n\t\t\t<\/dt><\/dl><br style=\"clear: both\" \/>\n\t\t<\/div>\n\n<h1 style=\"text-align: center;\"><span style=\"color: #ff6600;\"><strong>Dace Balode<\/strong><\/span><\/h1>\n<p style=\"text-align: center;\"><strong>Vok\u0101l\u0101s noda\u013cas vad\u012bt\u0101ja, vok\u0101l\u0101 pedago\u0123e,<br \/>\nAKCMV absolvente<\/strong><\/p>\n<hr \/>\n<p style=\"text-align: justify;\"><strong><span style=\"color: #ff6600;\">Par skolot\u0101ju:<\/span><\/strong><\/p>\n<p style=\"text-align: justify;\">M\u0101c\u012bjusies Alfr\u0113da Kalni\u0146a C\u0113su M\u016bzikas vidusskolas 1.-8.klavieru klas\u0113, I-IV kurs\u0101 apg\u016bta diri\u0123\u0113\u0161ana.<br \/>\nJ.V\u012btola Latvijas M\u016bzikas akad\u0113mij\u0101 ieg\u016bts ma\u0123istra gr\u0101ds m\u016bzik\u0101.<\/p>\n<p style=\"text-align: justify;\"><strong><span style=\"color: #ff6600;\">Skolot\u0101jas v\u0113l\u0113jums audz\u0113k\u0146iem:<br \/>\n<\/span><\/strong><em>&#8220;M\u016bzi\u0137im b\u016bt un past\u0101v\u0113t nav viegli, jo uzreiz neredz savas person\u012bbas izaugsmi un att\u012bst\u012bbu. Paiet laiks un tikai tad katrs pats saprot, cik daudz ir ieguvis.&#8221;<\/em><\/p>\n<p><strong><span style=\"color: #ff6600;\">Sazi\u0146ai:\u00a0<\/span><\/strong><\/p>\n<p>Mob.t\u0101lrunis: 29489390<\/p>\n","protected":false},"excerpt":{"rendered":"<p>Dace Balode Vok\u0101l\u0101s noda\u013cas vad\u012bt\u0101ja, vok\u0101l\u0101 pedago\u0123e, AKCMV absolvente Par skolot\u0101ju: M\u0101c\u012bjusies Alfr\u0113da Kalni\u0146a C\u0113su M\u016bzikas vidusskolas 1.-8.klavieru klas\u0113, I-IV kurs\u0101 apg\u016bta diri\u0123\u0113\u0161ana. J.V\u012btola Latvijas M\u016bzikas akad\u0113mij\u0101 ieg\u016bts ma\u0123istra gr\u0101ds m\u016bzik\u0101. Skolot\u0101jas v\u0113l\u0113jums audz\u0113k\u0146iem: &#8220;M\u016bzi\u0137im b\u016bt un past\u0101v\u0113t nav viegli, jo uzreiz neredz savas person\u012bbas izaugsmi un att\u012bst\u012bbu. Paiet laiks un tikai tad katrs pats [&hellip;]<\/p>\n","protected":false},"author":2,"featured_media":0,"parent":0,"menu_order":0,"comment_status":"closed","ping_status":"closed","template":"","meta":{"footnotes":""},"class_list":["post-4719","page","type-page","status-publish","czr-hentry"],"_links":{"self":[{"href":"http:\/\/akcmv.gov.lv\/index.php?rest_route=\/wp\/v2\/pages\/4719","targetHints":{"allow":["GET"]}}],"collection":[{"href":"http:\/\/akcmv.gov.lv\/index.php?rest_route=\/wp\/v2\/pages"}],"about":[{"href":"http:\/\/akcmv.gov.lv\/index.php?rest_route=\/wp\/v2\/types\/page"}],"author":[{"embeddable":true,"href":"http:\/\/akcmv.gov.lv\/index.php?rest_route=\/wp\/v2\/users\/2"}],"replies":[{"embeddable":true,"href":"http:\/\/akcmv.gov.lv\/index.php?rest_route=%2Fwp%2Fv2%2Fcomments&post=4719"}],"version-history":[{"count":3,"href":"http:\/\/akcmv.gov.lv\/index.php?rest_route=\/wp\/v2\/pages\/4719\/revisions"}],"predecessor-version":[{"id":11536,"href":"http:\/\/akcmv.gov.lv\/index.php?rest_route=\/wp\/v2\/pages\/4719\/revisions\/11536"}],"wp:attachment":[{"href":"http:\/\/akcmv.gov.lv\/index.php?rest_route=%2Fwp%2Fv2%2Fmedia&parent=4719"}],"curies":[{"name":"wp","href":"https:\/\/api.w.org\/{rel}","templated":true}]}}