{"id":13536,"date":"2024-08-27T12:55:53","date_gmt":"2024-08-27T09:55:53","guid":{"rendered":"https:\/\/akcmv.gov.lv\/?page_id=13536"},"modified":"2024-08-27T15:37:42","modified_gmt":"2024-08-27T12:37:42","slug":"viegli-lasit","status":"publish","type":"page","link":"https:\/\/akcmv.gov.lv\/?page_id=13536","title":{"rendered":"Viegli las\u012bt"},"content":{"rendered":"\n<p><strong>Kas ir Alfr\u0113da Kalni\u0146a C\u0113su M\u016bzikas vidusskola?<\/strong><br>Alfr\u0113da Kalni\u0146a C\u0113su M\u016bzikas vidusskola ir Latvijas Kult\u016bras ministrijas pak\u013caut\u012bb\u0101 eso\u0161a profesion\u0101l\u0101s izgl\u012bt\u012bbas iest\u0101de.<\/p>\n\n\n\n<p><strong>Ko dara Alfr\u0113da Kalni\u0146a C\u0113su M\u016bzikas vidusskol\u0101?<\/strong><br>Iest\u0101de realiz\u0113 profesion\u0101l\u0101s ievirzes un profesion\u0101l\u0101s vid\u0113j\u0101s izgl\u012bt\u012bbas programmas m\u016bzik\u0101.<\/p>\n\n\n\n<p><strong>Kas vada Alfr\u0113da Kalni\u0146a C\u0113su M\u016bzikas vidusskolu?<\/strong><br>Skolas direktors ir Vigo Ra\u010devskis.<\/p>\n\n\n\n<p><strong>K\u0101da ir Alfr\u0113da Kalni\u0146a C\u0113su M\u016bzikas vidusskolas strukt\u016bra?<\/strong><br>Skolas m\u0101c\u012bbu process notiek div\u0101s \u0113k\u0101s C\u0113s\u012bs \u2013 Raunas iel\u0101 12-2 un L. Kal\u0113ju iel\u0101 4.<br>Ar skolas strukt\u016bras shematisku att\u0113lojumu var iepaz\u012bties <a href=\"http:\/\/akcmv.gov.lv\/wp-content\/uploads\/2024\/08\/2024.gada-struktura-AKCMV.pdf\">\u0161eit.<\/a><\/p>\n\n\n\n<p><strong>K\u0101 sazin\u0101ties ar Alfr\u0113da Kalni\u0146a C\u0113su M\u016bzikas vidusskolu?<\/strong><br>Alfr\u0113da Kalni\u0146a C\u0113su M\u016bzikas vidusskola<br>Raunas iela 12-2, C\u0113sis, C\u0113su novads, LV-4101<br>T\u0101lrunis 64125385<br>Mob. t\u0101lrunis 29445381<br>E-pasts: akcmv@akcmv.gov.lv<\/p>\n","protected":false},"excerpt":{"rendered":"<p>Kas ir Alfr\u0113da Kalni\u0146a C\u0113su M\u016bzikas vidusskola?Alfr\u0113da Kalni\u0146a C\u0113su M\u016bzikas vidusskola ir Latvijas Kult\u016bras ministrijas pak\u013caut\u012bb\u0101 eso\u0161a profesion\u0101l\u0101s izgl\u012bt\u012bbas iest\u0101de. Ko dara Alfr\u0113da Kalni\u0146a C\u0113su M\u016bzikas vidusskol\u0101?Iest\u0101de realiz\u0113 profesion\u0101l\u0101s ievirzes un profesion\u0101l\u0101s vid\u0113j\u0101s izgl\u012bt\u012bbas programmas m\u016bzik\u0101. Kas vada Alfr\u0113da Kalni\u0146a C\u0113su M\u016bzikas vidusskolu?Skolas direktors ir Vigo Ra\u010devskis. K\u0101da ir Alfr\u0113da Kalni\u0146a C\u0113su M\u016bzikas vidusskolas strukt\u016bra?Skolas [&hellip;]<\/p>\n","protected":false},"author":7,"featured_media":0,"parent":0,"menu_order":0,"comment_status":"closed","ping_status":"closed","template":"","meta":{"footnotes":""},"class_list":["post-13536","page","type-page","status-publish","czr-hentry"],"_links":{"self":[{"href":"https:\/\/akcmv.gov.lv\/index.php?rest_route=\/wp\/v2\/pages\/13536","targetHints":{"allow":["GET"]}}],"collection":[{"href":"https:\/\/akcmv.gov.lv\/index.php?rest_route=\/wp\/v2\/pages"}],"about":[{"href":"https:\/\/akcmv.gov.lv\/index.php?rest_route=\/wp\/v2\/types\/page"}],"author":[{"embeddable":true,"href":"https:\/\/akcmv.gov.lv\/index.php?rest_route=\/wp\/v2\/users\/7"}],"replies":[{"embeddable":true,"href":"https:\/\/akcmv.gov.lv\/index.php?rest_route=%2Fwp%2Fv2%2Fcomments&post=13536"}],"version-history":[{"count":3,"href":"https:\/\/akcmv.gov.lv\/index.php?rest_route=\/wp\/v2\/pages\/13536\/revisions"}],"predecessor-version":[{"id":13556,"href":"https:\/\/akcmv.gov.lv\/index.php?rest_route=\/wp\/v2\/pages\/13536\/revisions\/13556"}],"wp:attachment":[{"href":"https:\/\/akcmv.gov.lv\/index.php?rest_route=%2Fwp%2Fv2%2Fmedia&parent=13536"}],"curies":[{"name":"wp","href":"https:\/\/api.w.org\/{rel}","templated":true}]}}