{"id":208,"date":"2014-11-27T17:06:51","date_gmt":"2014-11-27T15:06:51","guid":{"rendered":"http:\/\/pilsvesture.cesis.lv\/muz\/?page_id=208"},"modified":"2017-02-28T11:37:46","modified_gmt":"2017-02-28T09:37:46","slug":"skolas-simboli","status":"publish","type":"page","link":"https:\/\/akcmv.gov.lv\/?page_id=208","title":{"rendered":"Skolas simboli"},"content":{"rendered":"<h3><strong>\u00a0Skolas karogs<\/strong><\/h3>\n<div><\/div>\n<div>\n<p><a href=\"http:\/\/akcmv.gov.lv\/wp-content\/uploads\/2014\/11\/Muzikas-skola-505.jpg\"><img loading=\"lazy\" decoding=\"async\" class=\"alignnone size-medium wp-image-1330\" src=\"http:\/\/akcmv.gov.lv\/wp-content\/uploads\/2014\/11\/Muzikas-skola-505-300x200.jpg\" alt=\"Muzikas skola (505)\" width=\"300\" height=\"200\" srcset=\"https:\/\/akcmv.gov.lv\/wp-content\/uploads\/2014\/11\/Muzikas-skola-505-300x200.jpg 300w, https:\/\/akcmv.gov.lv\/wp-content\/uploads\/2014\/11\/Muzikas-skola-505-1024x683.jpg 1024w\" sizes=\"auto, (max-width: 300px) 100vw, 300px\" \/><\/a><\/p>\n<hr \/>\n<\/div>\n<h3><strong>Skolas himna <\/strong><\/h3>\n<p>&nbsp;<\/p>\n<div><strong>Latvie\u0161u tautas dziesma \u00a0<\/strong><strong>&#8220;Dziedot dzimu, dziedot augu&#8221;, A.Kalni\u0146a apdar\u0113<\/strong><\/div>\n<p>&nbsp;<\/p>\n<div><em>Dziedot dzimu, dziedot augu<\/em><\/div>\n<div><em>Dziedot m\u016b\u017eu nodz\u012bvoj&#8217;<\/em><\/div>\n<div><em>Kas var mani aizrun\u0101t,<\/em><\/div>\n<div><em>Kas var mani aizdzied\u0101t?<\/em><\/div>\n<div><em>Tr\u012bc\u0113j&#8217; kalni, skan\u0113j&#8217; me\u017ei,<\/em><\/div>\n<div><em>Kad dzied\u0101ju, gavil\u0113j&#8217;<\/em><\/div>\n<p>&nbsp;<\/p>\n<div><em>Saka \u013caudis dzird\u0113dami<\/em><\/div>\n<div><em>Lakst\u012bgala skaisti dzied.<\/em><\/div>\n<div><em>Auni k\u0101jas, lakst\u012bgala,<\/em><\/div>\n<div><em>Tu dzied\u0101si ievain\u0113<\/em><\/div>\n<div><em>Es goti\u0146as gan\u012bdama.<\/em><\/div>\n<div><\/div>\n<div>\n<hr \/>\n<\/div>\n<div><\/div>\n","protected":false},"excerpt":{"rendered":"<p>\u00a0Skolas karogs Skolas himna &nbsp; Latvie\u0161u tautas dziesma \u00a0&#8220;Dziedot dzimu, dziedot augu&#8221;, A.Kalni\u0146a apdar\u0113 &nbsp; Dziedot dzimu, dziedot augu Dziedot m\u016b\u017eu nodz\u012bvoj&#8217; Kas var mani aizrun\u0101t, Kas var mani aizdzied\u0101t? Tr\u012bc\u0113j&#8217; kalni, skan\u0113j&#8217; me\u017ei, Kad dzied\u0101ju, gavil\u0113j&#8217; &nbsp; Saka \u013caudis dzird\u0113dami Lakst\u012bgala skaisti dzied. Auni k\u0101jas, lakst\u012bgala, Tu dzied\u0101si ievain\u0113 Es goti\u0146as gan\u012bdama.<\/p>\n","protected":false},"author":1,"featured_media":0,"parent":7,"menu_order":0,"comment_status":"closed","ping_status":"closed","template":"","meta":{"footnotes":""},"class_list":["post-208","page","type-page","status-publish","czr-hentry"],"_links":{"self":[{"href":"https:\/\/akcmv.gov.lv\/index.php?rest_route=\/wp\/v2\/pages\/208","targetHints":{"allow":["GET"]}}],"collection":[{"href":"https:\/\/akcmv.gov.lv\/index.php?rest_route=\/wp\/v2\/pages"}],"about":[{"href":"https:\/\/akcmv.gov.lv\/index.php?rest_route=\/wp\/v2\/types\/page"}],"author":[{"embeddable":true,"href":"https:\/\/akcmv.gov.lv\/index.php?rest_route=\/wp\/v2\/users\/1"}],"replies":[{"embeddable":true,"href":"https:\/\/akcmv.gov.lv\/index.php?rest_route=%2Fwp%2Fv2%2Fcomments&post=208"}],"version-history":[{"count":22,"href":"https:\/\/akcmv.gov.lv\/index.php?rest_route=\/wp\/v2\/pages\/208\/revisions"}],"predecessor-version":[{"id":1998,"href":"https:\/\/akcmv.gov.lv\/index.php?rest_route=\/wp\/v2\/pages\/208\/revisions\/1998"}],"up":[{"embeddable":true,"href":"https:\/\/akcmv.gov.lv\/index.php?rest_route=\/wp\/v2\/pages\/7"}],"wp:attachment":[{"href":"https:\/\/akcmv.gov.lv\/index.php?rest_route=%2Fwp%2Fv2%2Fmedia&parent=208"}],"curies":[{"name":"wp","href":"https:\/\/api.w.org\/{rel}","templated":true}]}}