{"id":24,"date":"2014-10-21T11:15:09","date_gmt":"2014-10-21T08:15:09","guid":{"rendered":"http:\/\/pilsvesture.cesis.lv\/muz\/?page_id=24"},"modified":"2025-09-08T12:24:10","modified_gmt":"2025-09-08T09:24:10","slug":"skolas-kolektivi","status":"publish","type":"page","link":"https:\/\/akcmv.gov.lv\/?page_id=24","title":{"rendered":"Skolas kolekt\u012bvi"},"content":{"rendered":"<p>Skolas m\u0101c\u012bbu darb\u0101 un koncertdz\u012bv\u0113 akt\u012bvi darbojas vair\u0101ki, trad\u012bcij\u0101m bag\u0101ti un pieredz\u0113ju\u0161u pedagogu vad\u012bti muzik\u0101li kolekt\u012bvi.<\/p>\n<table border=\"2\">\n<caption>\u00a0<\/caption>\n<tbody>\n<tr>\n<td>\n\t\t<style type=\"text\/css\">\n\t\t\t#gallery-1 {\n\t\t\t\tmargin: auto;\n\t\t\t}\n\t\t\t#gallery-1 .gallery-item {\n\t\t\t\tfloat: left;\n\t\t\t\tmargin-top: 10px;\n\t\t\t\ttext-align: center;\n\t\t\t\twidth: 100%;\n\t\t\t}\n\t\t\t#gallery-1 img {\n\t\t\t\tborder: 2px solid #cfcfcf;\n\t\t\t}\n\t\t\t#gallery-1 .gallery-caption {\n\t\t\t\tmargin-left: 0;\n\t\t\t}\n\t\t\t\/* see gallery_shortcode() in wp-includes\/media.php *\/\n\t\t<\/style>\n\t\t<div id='gallery-1' class='gallery galleryid-24 gallery-columns-1 gallery-size-medium'><dl class='gallery-item'>\n\t\t\t<dt class='gallery-icon landscape'>\n\t\t\t\t<a class=\"grouped_elements\" rel=\"tc-fancybox-group\" href=\"https:\/\/akcmv.gov.lv\/wp-content\/uploads\/2025\/09\/IMG_1220-scaled.jpg\" title=\"\"><img loading=\"lazy\" decoding=\"async\" width=\"300\" height=\"200\" src=\"https:\/\/akcmv.gov.lv\/wp-content\/uploads\/2025\/09\/IMG_1220-300x200.jpg\" class=\"attachment-medium size-medium\" alt=\"P\u016bt\u0113ju or\u0137estris\" srcset=\"https:\/\/akcmv.gov.lv\/wp-content\/uploads\/2025\/09\/IMG_1220-300x200.jpg 300w, https:\/\/akcmv.gov.lv\/wp-content\/uploads\/2025\/09\/IMG_1220-1024x683.jpg 1024w, https:\/\/akcmv.gov.lv\/wp-content\/uploads\/2025\/09\/IMG_1220-768x512.jpg 768w, https:\/\/akcmv.gov.lv\/wp-content\/uploads\/2025\/09\/IMG_1220-1536x1024.jpg 1536w, https:\/\/akcmv.gov.lv\/wp-content\/uploads\/2025\/09\/IMG_1220-2048x1365.jpg 2048w\" sizes=\"auto, (max-width: 300px) 100vw, 300px\" \/><\/a>\n\t\t\t<\/dt><\/dl><br style=\"clear: both\" \/>\n\t\t<\/div>\n<\/p>\n<p style=\"text-align: center;\">\u00a0P\u016bt\u0113ju or\u0137estris, vada skolot\u0101js\u00a0<strong>Aivars Radzi\u0146\u0161<\/strong><\/p>\n<\/td>\n<td>\n\t\t<style type=\"text\/css\">\n\t\t\t#gallery-2 {\n\t\t\t\tmargin: auto;\n\t\t\t}\n\t\t\t#gallery-2 .gallery-item {\n\t\t\t\tfloat: left;\n\t\t\t\tmargin-top: 10px;\n\t\t\t\ttext-align: center;\n\t\t\t\twidth: 100%;\n\t\t\t}\n\t\t\t#gallery-2 img {\n\t\t\t\tborder: 2px solid #cfcfcf;\n\t\t\t}\n\t\t\t#gallery-2 .gallery-caption {\n\t\t\t\tmargin-left: 0;\n\t\t\t}\n\t\t\t\/* see gallery_shortcode() in wp-includes\/media.php *\/\n\t\t<\/style>\n\t\t<div id='gallery-2' class='gallery galleryid-24 gallery-columns-1 gallery-size-medium'><dl class='gallery-item'>\n\t\t\t<dt class='gallery-icon landscape'>\n\t\t\t\t<a class=\"grouped_elements\" rel=\"tc-fancybox-group\" href=\"https:\/\/akcmv.gov.lv\/wp-content\/uploads\/2025\/09\/1-scaled.jpg\" title=\"\"><img loading=\"lazy\" decoding=\"async\" width=\"300\" height=\"200\" src=\"https:\/\/akcmv.gov.lv\/wp-content\/uploads\/2025\/09\/1-300x200.jpg\" class=\"attachment-medium size-medium\" alt=\"\" srcset=\"https:\/\/akcmv.gov.lv\/wp-content\/uploads\/2025\/09\/1-300x200.jpg 300w, https:\/\/akcmv.gov.lv\/wp-content\/uploads\/2025\/09\/1-1024x683.jpg 1024w, https:\/\/akcmv.gov.lv\/wp-content\/uploads\/2025\/09\/1-768x512.jpg 768w, https:\/\/akcmv.gov.lv\/wp-content\/uploads\/2025\/09\/1-1536x1024.jpg 1536w, https:\/\/akcmv.gov.lv\/wp-content\/uploads\/2025\/09\/1-2048x1365.jpg 2048w\" sizes=\"auto, (max-width: 300px) 100vw, 300px\" \/><\/a>\n\t\t\t<\/dt><\/dl><br style=\"clear: both\" \/>\n\t\t<\/div>\n<\/p>\n<p style=\"text-align: center;\"><span style=\"font-family: inherit; font-size: inherit; font-weight: inherit;\">Koris, vada skolot\u0101js <strong>Patriks K\u0101rlis Stepe<\/strong><\/span><\/p>\n<\/td>\n<\/tr>\n<tr>\n<td>\n\t\t<style type=\"text\/css\">\n\t\t\t#gallery-3 {\n\t\t\t\tmargin: auto;\n\t\t\t}\n\t\t\t#gallery-3 .gallery-item {\n\t\t\t\tfloat: left;\n\t\t\t\tmargin-top: 10px;\n\t\t\t\ttext-align: center;\n\t\t\t\twidth: 100%;\n\t\t\t}\n\t\t\t#gallery-3 img {\n\t\t\t\tborder: 2px solid #cfcfcf;\n\t\t\t}\n\t\t\t#gallery-3 .gallery-caption {\n\t\t\t\tmargin-left: 0;\n\t\t\t}\n\t\t\t\/* see gallery_shortcode() in wp-includes\/media.php *\/\n\t\t<\/style>\n\t\t<div id='gallery-3' class='gallery galleryid-24 gallery-columns-1 gallery-size-medium'><dl class='gallery-item'>\n\t\t\t<dt class='gallery-icon landscape'>\n\t\t\t\t<a class=\"grouped_elements\" rel=\"tc-fancybox-group\" href=\"https:\/\/akcmv.gov.lv\/wp-content\/uploads\/2025\/09\/2.jpg\" title=\"\"><img loading=\"lazy\" decoding=\"async\" width=\"300\" height=\"225\" src=\"https:\/\/akcmv.gov.lv\/wp-content\/uploads\/2025\/09\/2-300x225.jpg\" class=\"attachment-medium size-medium\" alt=\"\" srcset=\"https:\/\/akcmv.gov.lv\/wp-content\/uploads\/2025\/09\/2-300x225.jpg 300w, https:\/\/akcmv.gov.lv\/wp-content\/uploads\/2025\/09\/2-1024x768.jpg 1024w, https:\/\/akcmv.gov.lv\/wp-content\/uploads\/2025\/09\/2-768x576.jpg 768w, https:\/\/akcmv.gov.lv\/wp-content\/uploads\/2025\/09\/2-1536x1152.jpg 1536w, https:\/\/akcmv.gov.lv\/wp-content\/uploads\/2025\/09\/2.jpg 2016w\" sizes=\"auto, (max-width: 300px) 100vw, 300px\" \/><\/a>\n\t\t\t<\/dt><\/dl><br style=\"clear: both\" \/>\n\t\t<\/div>\n<\/p>\n<p style=\"text-align: center;\">Kok\u013cu ansamblis &#8220;Wendenkokle&#8221;, vada skolot\u0101jas<br \/>\n<strong>Ilze \u017dvarte<\/strong> un<strong> Ieva Kal\u0113ja<\/strong><\/p>\n<\/td>\n<td>\n\t\t<style type=\"text\/css\">\n\t\t\t#gallery-4 {\n\t\t\t\tmargin: auto;\n\t\t\t}\n\t\t\t#gallery-4 .gallery-item {\n\t\t\t\tfloat: left;\n\t\t\t\tmargin-top: 10px;\n\t\t\t\ttext-align: center;\n\t\t\t\twidth: 100%;\n\t\t\t}\n\t\t\t#gallery-4 img {\n\t\t\t\tborder: 2px solid #cfcfcf;\n\t\t\t}\n\t\t\t#gallery-4 .gallery-caption {\n\t\t\t\tmargin-left: 0;\n\t\t\t}\n\t\t\t\/* see gallery_shortcode() in wp-includes\/media.php *\/\n\t\t<\/style>\n\t\t<div id='gallery-4' class='gallery galleryid-24 gallery-columns-1 gallery-size-medium'><dl class='gallery-item'>\n\t\t\t<dt class='gallery-icon landscape'>\n\t\t\t\t<a class=\"grouped_elements\" rel=\"tc-fancybox-group\" href=\"https:\/\/akcmv.gov.lv\/wp-content\/uploads\/2025\/09\/IMG_0507-scaled.jpg\" title=\"\"><img loading=\"lazy\" decoding=\"async\" width=\"300\" height=\"200\" src=\"https:\/\/akcmv.gov.lv\/wp-content\/uploads\/2025\/09\/IMG_0507-300x200.jpg\" class=\"attachment-medium size-medium\" alt=\"\" srcset=\"https:\/\/akcmv.gov.lv\/wp-content\/uploads\/2025\/09\/IMG_0507-300x200.jpg 300w, https:\/\/akcmv.gov.lv\/wp-content\/uploads\/2025\/09\/IMG_0507-1024x683.jpg 1024w, https:\/\/akcmv.gov.lv\/wp-content\/uploads\/2025\/09\/IMG_0507-768x512.jpg 768w, https:\/\/akcmv.gov.lv\/wp-content\/uploads\/2025\/09\/IMG_0507-1536x1024.jpg 1536w, https:\/\/akcmv.gov.lv\/wp-content\/uploads\/2025\/09\/IMG_0507-2048x1365.jpg 2048w\" sizes=\"auto, (max-width: 300px) 100vw, 300px\" \/><\/a>\n\t\t\t<\/dt><\/dl><br style=\"clear: both\" \/>\n\t\t<\/div>\n<\/p>\n<p style=\"text-align: center;\">Kameror\u0137estris, vada skolot\u0101js<strong> Patriks K\u0101rlis Stepe<\/strong><\/p>\n<\/td>\n<\/tr>\n<\/tbody>\n<\/table>\n","protected":false},"excerpt":{"rendered":"<p>Skolas m\u0101c\u012bbu darb\u0101 un koncertdz\u012bv\u0113 akt\u012bvi darbojas vair\u0101ki, trad\u012bcij\u0101m bag\u0101ti un pieredz\u0113ju\u0161u pedagogu vad\u012bti muzik\u0101li kolekt\u012bvi. \u00a0 \u00a0P\u016bt\u0113ju or\u0137estris, vada skolot\u0101js\u00a0Aivars Radzi\u0146\u0161 Koris, vada skolot\u0101js Patriks K\u0101rlis Stepe Kok\u013cu ansamblis &#8220;Wendenkokle&#8221;, vada skolot\u0101jas Ilze \u017dvarte un Ieva Kal\u0113ja Kameror\u0137estris, vada skolot\u0101js Patriks K\u0101rlis Stepe<\/p>\n","protected":false},"author":1,"featured_media":0,"parent":7,"menu_order":0,"comment_status":"closed","ping_status":"closed","template":"","meta":{"footnotes":""},"class_list":["post-24","page","type-page","status-publish","czr-hentry"],"_links":{"self":[{"href":"https:\/\/akcmv.gov.lv\/index.php?rest_route=\/wp\/v2\/pages\/24","targetHints":{"allow":["GET"]}}],"collection":[{"href":"https:\/\/akcmv.gov.lv\/index.php?rest_route=\/wp\/v2\/pages"}],"about":[{"href":"https:\/\/akcmv.gov.lv\/index.php?rest_route=\/wp\/v2\/types\/page"}],"author":[{"embeddable":true,"href":"https:\/\/akcmv.gov.lv\/index.php?rest_route=\/wp\/v2\/users\/1"}],"replies":[{"embeddable":true,"href":"https:\/\/akcmv.gov.lv\/index.php?rest_route=%2Fwp%2Fv2%2Fcomments&post=24"}],"version-history":[{"count":25,"href":"https:\/\/akcmv.gov.lv\/index.php?rest_route=\/wp\/v2\/pages\/24\/revisions"}],"predecessor-version":[{"id":15799,"href":"https:\/\/akcmv.gov.lv\/index.php?rest_route=\/wp\/v2\/pages\/24\/revisions\/15799"}],"up":[{"embeddable":true,"href":"https:\/\/akcmv.gov.lv\/index.php?rest_route=\/wp\/v2\/pages\/7"}],"wp:attachment":[{"href":"https:\/\/akcmv.gov.lv\/index.php?rest_route=%2Fwp%2Fv2%2Fmedia&parent=24"}],"curies":[{"name":"wp","href":"https:\/\/api.w.org\/{rel}","templated":true}]}}