{"id":52,"date":"2014-10-21T11:19:51","date_gmt":"2014-10-21T08:19:51","guid":{"rendered":"http:\/\/pilsvesture.cesis.lv\/muz\/?page_id=52"},"modified":"2018-05-24T12:33:34","modified_gmt":"2018-05-24T09:33:34","slug":"skolas-draugi","status":"publish","type":"page","link":"https:\/\/akcmv.gov.lv\/?page_id=52","title":{"rendered":"Skolas atbalst\u012bt\u0101ji"},"content":{"rendered":"<p><img loading=\"lazy\" decoding=\"async\" class=\"alignnone wp-image-1943\" src=\"http:\/\/akcmv.gov.lv\/wp-content\/uploads\/2014\/10\/Cesis_logo_mazs.jpg\" alt=\"Cesis_logo_mazs\" width=\"99\" height=\"152\" \/>\u00a0 \u00a0 <img loading=\"lazy\" decoding=\"async\" class=\"alignnone wp-image-1944\" src=\"http:\/\/akcmv.gov.lv\/wp-content\/uploads\/2014\/10\/Cesu-Alus-1-300x253.jpg\" alt=\"Cesu-Alus-1\" width=\"181\" height=\"153\" srcset=\"https:\/\/akcmv.gov.lv\/wp-content\/uploads\/2014\/10\/Cesu-Alus-1-300x253.jpg 300w, https:\/\/akcmv.gov.lv\/wp-content\/uploads\/2014\/10\/Cesu-Alus-1.jpg 620w\" sizes=\"auto, (max-width: 181px) 100vw, 181px\" \/>\u00a0\u00a0 <img loading=\"lazy\" decoding=\"async\" class=\"alignnone wp-image-1945\" src=\"http:\/\/akcmv.gov.lv\/wp-content\/uploads\/2014\/10\/DarznieksLogo-300x170.jpg\" alt=\"DarznieksLogo\" width=\"266\" height=\"151\" srcset=\"https:\/\/akcmv.gov.lv\/wp-content\/uploads\/2014\/10\/DarznieksLogo-300x170.jpg 300w, https:\/\/akcmv.gov.lv\/wp-content\/uploads\/2014\/10\/DarznieksLogo.jpg 550w\" sizes=\"auto, (max-width: 266px) 100vw, 266px\" \/>\u00a0 \u00a0<img loading=\"lazy\" decoding=\"async\" class=\"alignnone wp-image-1946\" src=\"http:\/\/akcmv.gov.lv\/wp-content\/uploads\/2014\/10\/druva-300x300.jpeg\" alt=\"druva\" width=\"154\" height=\"154\" srcset=\"https:\/\/akcmv.gov.lv\/wp-content\/uploads\/2014\/10\/druva-300x300.jpeg 300w, https:\/\/akcmv.gov.lv\/wp-content\/uploads\/2014\/10\/druva-150x150.jpeg 150w, https:\/\/akcmv.gov.lv\/wp-content\/uploads\/2014\/10\/druva-45x45.jpeg 45w, https:\/\/akcmv.gov.lv\/wp-content\/uploads\/2014\/10\/druva.jpeg 400w\" sizes=\"auto, (max-width: 154px) 100vw, 154px\" \/> <img loading=\"lazy\" decoding=\"async\" class=\"alignnone wp-image-1947\" src=\"http:\/\/akcmv.gov.lv\/wp-content\/uploads\/2014\/10\/elina-300x300.jpeg\" alt=\"elina\" width=\"130\" height=\"130\" srcset=\"https:\/\/akcmv.gov.lv\/wp-content\/uploads\/2014\/10\/elina-300x300.jpeg 300w, https:\/\/akcmv.gov.lv\/wp-content\/uploads\/2014\/10\/elina-150x150.jpeg 150w, https:\/\/akcmv.gov.lv\/wp-content\/uploads\/2014\/10\/elina-45x45.jpeg 45w, https:\/\/akcmv.gov.lv\/wp-content\/uploads\/2014\/10\/elina.jpeg 400w\" sizes=\"auto, (max-width: 130px) 100vw, 130px\" \/><\/p>\n<p><img loading=\"lazy\" decoding=\"async\" class=\"alignnone wp-image-1948\" src=\"http:\/\/akcmv.gov.lv\/wp-content\/uploads\/2014\/10\/Logo-300x212.jpg\" alt=\"Logo\" width=\"181\" height=\"128\" srcset=\"https:\/\/akcmv.gov.lv\/wp-content\/uploads\/2014\/10\/Logo-300x212.jpg 300w, https:\/\/akcmv.gov.lv\/wp-content\/uploads\/2014\/10\/Logo.jpg 648w\" sizes=\"auto, (max-width: 181px) 100vw, 181px\" \/>\u00a0\u00a0 <img loading=\"lazy\" decoding=\"async\" class=\"alignnone wp-image-1949\" src=\"http:\/\/akcmv.gov.lv\/wp-content\/uploads\/2014\/10\/logo_vinetas_un_allas_karumlade-300x227.jpg\" alt=\"logo_vinetas_un_allas_karumlade\" width=\"169\" height=\"128\" \/>\u00a0\u00a0 <img loading=\"lazy\" decoding=\"async\" class=\"alignnone wp-image-1950\" src=\"http:\/\/akcmv.gov.lv\/wp-content\/uploads\/2014\/10\/ozolk-300x155.jpg\" alt=\"Basic CMYK\" width=\"248\" height=\"128\" srcset=\"https:\/\/akcmv.gov.lv\/wp-content\/uploads\/2014\/10\/ozolk-300x155.jpg 300w, https:\/\/akcmv.gov.lv\/wp-content\/uploads\/2014\/10\/ozolk.jpg 350w\" sizes=\"auto, (max-width: 248px) 100vw, 248px\" \/> <img loading=\"lazy\" decoding=\"async\" class=\"alignnone wp-image-1951\" src=\"http:\/\/akcmv.gov.lv\/wp-content\/uploads\/2014\/10\/SOLO_cesis-300x300.jpg\" alt=\"SOLO_cesis\" width=\"123\" height=\"123\" srcset=\"https:\/\/akcmv.gov.lv\/wp-content\/uploads\/2014\/10\/SOLO_cesis-300x300.jpg 300w, https:\/\/akcmv.gov.lv\/wp-content\/uploads\/2014\/10\/SOLO_cesis-150x150.jpg 150w, https:\/\/akcmv.gov.lv\/wp-content\/uploads\/2014\/10\/SOLO_cesis-45x45.jpg 45w, https:\/\/akcmv.gov.lv\/wp-content\/uploads\/2014\/10\/SOLO_cesis.jpg 720w\" sizes=\"auto, (max-width: 123px) 100vw, 123px\" \/><\/p>\n<p><img loading=\"lazy\" decoding=\"async\" class=\"alignnone wp-image-1952\" src=\"http:\/\/akcmv.gov.lv\/wp-content\/uploads\/2014\/10\/tigra-elektrotehnika-veikals-258617_258617_1_255.21472392638x130.jpg\" alt=\"tigra-elektrotehnika-veikals-258617_258617_1_255.21472392638x130\" width=\"239\" height=\"122\" \/>\u00a0\u00a0 <img loading=\"lazy\" decoding=\"async\" class=\"alignnone wp-image-1953\" src=\"http:\/\/akcmv.gov.lv\/wp-content\/uploads\/2014\/10\/WOLF_SYSTEM_sia-300x263.jpg\" alt=\"WOLF_SYSTEM_sia\" width=\"138\" height=\"121\" srcset=\"https:\/\/akcmv.gov.lv\/wp-content\/uploads\/2014\/10\/WOLF_SYSTEM_sia-300x263.jpg 300w, https:\/\/akcmv.gov.lv\/wp-content\/uploads\/2014\/10\/WOLF_SYSTEM_sia-768x672.jpg 768w, https:\/\/akcmv.gov.lv\/wp-content\/uploads\/2014\/10\/WOLF_SYSTEM_sia.jpg 800w\" sizes=\"auto, (max-width: 138px) 100vw, 138px\" \/>\u00a0\u00a0 <img loading=\"lazy\" decoding=\"async\" class=\"alignnone wp-image-1954\" src=\"http:\/\/akcmv.gov.lv\/wp-content\/uploads\/2014\/10\/zinoo-300x300.jpg\" alt=\"zinoo\" width=\"118\" height=\"118\" srcset=\"https:\/\/akcmv.gov.lv\/wp-content\/uploads\/2014\/10\/zinoo-300x300.jpg 300w, https:\/\/akcmv.gov.lv\/wp-content\/uploads\/2014\/10\/zinoo-150x150.jpg 150w, https:\/\/akcmv.gov.lv\/wp-content\/uploads\/2014\/10\/zinoo-45x45.jpg 45w, https:\/\/akcmv.gov.lv\/wp-content\/uploads\/2014\/10\/zinoo.jpg 378w\" sizes=\"auto, (max-width: 118px) 100vw, 118px\" \/><\/p>\n<p>&nbsp;<\/p>\n<hr \/>\n<p><strong>Dace Pavasars<\/strong><\/p>\n<p>(1938.gada 17.novembris \u2013 2014.gada 28.septembris, Londona)<\/p>\n<p style=\"text-align: justify;\">Dace Pavasars bija A.Kalni\u0146a C\u0113su M\u016bzikas vidusskolas sirsn\u012bga labv\u0113le un atbalst\u012bt\u0101ja.<\/p>\n<p style=\"text-align: justify;\">Dace Pavasars, \u00a0Helmera Pavasara, iev\u0113rojam\u0101 komponista, kult\u016bras darbinieka un A.Kalni\u0146a C\u0113su M\u016bzikas vidusskolas direktora (no 1934.gada l\u012bdz 1940.gadam), meita. Lai ar\u012b kop\u0161 1944.gada vi\u0146as dz\u012bves ce\u013c\u0161 rit\u0113jis emigr\u0101cij\u0101, V\u0101cij\u0101 un Anglij\u0101, Dace Pavasars nekad nezaud\u0113ja saikni ar dzimto Latviju un skolu, kuru vad\u012bjis vi\u0146as t\u0113vs. Dace Pavasars ir bijusi neatlaid\u012bga sava t\u0113va dai\u013crades populariz\u0113t\u0101ja, r\u012bkojusi konkursus un koncertus, k\u0101 ar\u012b dibin\u0101jusi fondu, kas kop\u0161 2004.gada ik gadu pie\u0161\u0137ir stipendiju A.Kalni\u0146a C\u0113su M\u016bzikas vidusskolas audz\u0113k\u0146iem. Stipendija ik gadu tiek pie\u0161\u0137irta audz\u0113knim, kuram biju\u0161as ne tikai izcilas sekmes, bet ar\u012b akt\u012bva sabiedrisk\u0101 darb\u012bba.<\/p>\n<p>&nbsp;<\/p>\n","protected":false},"excerpt":{"rendered":"<p>\u00a0 \u00a0 \u00a0\u00a0 \u00a0 \u00a0 \u00a0\u00a0 \u00a0\u00a0 \u00a0\u00a0 \u00a0\u00a0 &nbsp; Dace Pavasars (1938.gada 17.novembris \u2013 2014.gada 28.septembris, Londona) Dace Pavasars bija A.Kalni\u0146a C\u0113su M\u016bzikas vidusskolas sirsn\u012bga labv\u0113le un atbalst\u012bt\u0101ja. Dace Pavasars, \u00a0Helmera Pavasara, iev\u0113rojam\u0101 komponista, kult\u016bras darbinieka un A.Kalni\u0146a C\u0113su M\u016bzikas vidusskolas direktora (no 1934.gada l\u012bdz 1940.gadam), meita. Lai ar\u012b kop\u0161 1944.gada vi\u0146as dz\u012bves ce\u013c\u0161 [&hellip;]<\/p>\n","protected":false},"author":1,"featured_media":0,"parent":50,"menu_order":0,"comment_status":"closed","ping_status":"closed","template":"","meta":{"footnotes":""},"class_list":["post-52","page","type-page","status-publish","czr-hentry"],"_links":{"self":[{"href":"https:\/\/akcmv.gov.lv\/index.php?rest_route=\/wp\/v2\/pages\/52","targetHints":{"allow":["GET"]}}],"collection":[{"href":"https:\/\/akcmv.gov.lv\/index.php?rest_route=\/wp\/v2\/pages"}],"about":[{"href":"https:\/\/akcmv.gov.lv\/index.php?rest_route=\/wp\/v2\/types\/page"}],"author":[{"embeddable":true,"href":"https:\/\/akcmv.gov.lv\/index.php?rest_route=\/wp\/v2\/users\/1"}],"replies":[{"embeddable":true,"href":"https:\/\/akcmv.gov.lv\/index.php?rest_route=%2Fwp%2Fv2%2Fcomments&post=52"}],"version-history":[{"count":13,"href":"https:\/\/akcmv.gov.lv\/index.php?rest_route=\/wp\/v2\/pages\/52\/revisions"}],"predecessor-version":[{"id":4112,"href":"https:\/\/akcmv.gov.lv\/index.php?rest_route=\/wp\/v2\/pages\/52\/revisions\/4112"}],"up":[{"embeddable":true,"href":"https:\/\/akcmv.gov.lv\/index.php?rest_route=\/wp\/v2\/pages\/50"}],"wp:attachment":[{"href":"https:\/\/akcmv.gov.lv\/index.php?rest_route=%2Fwp%2Fv2%2Fmedia&parent=52"}],"curies":[{"name":"wp","href":"https:\/\/api.w.org\/{rel}","templated":true}]}}