{"id":59,"date":"2014-10-21T11:22:55","date_gmt":"2014-10-21T08:22:55","guid":{"rendered":"http:\/\/pilsvesture.cesis.lv\/muz\/?page_id=59"},"modified":"2026-03-11T09:08:45","modified_gmt":"2026-03-11T07:08:45","slug":"kontakti","status":"publish","type":"page","link":"https:\/\/akcmv.gov.lv\/?page_id=59","title":{"rendered":"Kontakti"},"content":{"rendered":"<p><strong>Alfr\u0113da Kalni\u0146a C\u0113su M\u016bzikas vidusskola<\/strong><br \/>\nRaunas iela 12-2, C\u0113sis, C\u0113su novads, LV-4101<br \/>\nLiel\u0101 Kal\u0113ju iel\u0101 4, C\u0113sis, C\u0113su novads, LV-4101<br \/>\nT\u0101lrunis 64125385<br \/>\nMob. t\u0101lrunis 29445381<br \/>\nDe\u017euranta t\u0101lrunis 64119923<\/p>\n<p><strong>Skolas darba laiks<\/strong>:<br \/>\nRaunas iel\u0101 12-2, C\u0113s\u012bs no plkst. 7.30 l\u012bdz 21.30<br \/>\nLiel\u0101 Kal\u0113ju iel\u0101 4, C\u0113s\u012bs no plkst. 12.00 l\u012bdz 19.00<\/p>\n<p>Administr\u0101cijas darba laiks no plkst. 8.00 l\u012bdz 17.00<\/p>\n<p>Izgl\u012bt\u012bbas iest\u0101de ir pieejama person\u0101m ar kust\u012bbu trauc\u0113jumiem. Iek\u013c\u016b\u0161ana skolas ab\u0101s \u0113k\u0101s C\u0113s\u012bs (Raunas iel\u0101 12-2 un Liel\u0101 Kal\u0113ju iel\u0101 4) person\u0101m ar kust\u012bbu trauc\u0113jumiem tiek nodro\u0161in\u0101ta ar skolas darbinieku atbalstu. \u0112k\u0101 Raunas iel\u0101 12-2 ir pieejams lifts.<br \/>\nPirms kl\u0101tienes apmekl\u0113juma, ja ir nepiecie\u0161ama pal\u012bdz\u012bba ar iek\u013c\u016b\u0161anu iest\u0101d\u0113, aicin\u0101m sazin\u0101ties ar izgl\u012bt\u012bbas iest\u0101des administr\u0101ciju, zvanot uz t\u0101lru\u0146a numuru +371 29445381 vai rakstot uz e-pasta adresi pasts@akcmv.gov.lv .<\/p>\n\n\t\t<style type=\"text\/css\">\n\t\t\t#gallery-1 {\n\t\t\t\tmargin: auto;\n\t\t\t}\n\t\t\t#gallery-1 .gallery-item {\n\t\t\t\tfloat: left;\n\t\t\t\tmargin-top: 10px;\n\t\t\t\ttext-align: center;\n\t\t\t\twidth: 100%;\n\t\t\t}\n\t\t\t#gallery-1 img {\n\t\t\t\tborder: 2px solid #cfcfcf;\n\t\t\t}\n\t\t\t#gallery-1 .gallery-caption {\n\t\t\t\tmargin-left: 0;\n\t\t\t}\n\t\t\t\/* see gallery_shortcode() in wp-includes\/media.php *\/\n\t\t<\/style>\n\t\t<div id='gallery-1' class='gallery galleryid-59 gallery-columns-1 gallery-size-large'><dl class='gallery-item'>\n\t\t\t<dt class='gallery-icon landscape'>\n\t\t\t\t<a class=\"grouped_elements\" rel=\"tc-fancybox-group\" href=\"https:\/\/akcmv.gov.lv\/wp-content\/uploads\/2024\/08\/Skolas_kontakti_2-scaled.jpg\" title=\"\"><img loading=\"lazy\" decoding=\"async\" width=\"1024\" height=\"220\" src=\"https:\/\/akcmv.gov.lv\/wp-content\/uploads\/2024\/08\/Skolas_kontakti_2-1024x220.jpg\" class=\"attachment-large size-large\" alt=\"K\u0101 nok\u013c\u016bt skol\u0101\" srcset=\"https:\/\/akcmv.gov.lv\/wp-content\/uploads\/2024\/08\/Skolas_kontakti_2-1024x220.jpg 1024w, https:\/\/akcmv.gov.lv\/wp-content\/uploads\/2024\/08\/Skolas_kontakti_2-300x64.jpg 300w, https:\/\/akcmv.gov.lv\/wp-content\/uploads\/2024\/08\/Skolas_kontakti_2-768x165.jpg 768w, https:\/\/akcmv.gov.lv\/wp-content\/uploads\/2024\/08\/Skolas_kontakti_2-1536x329.jpg 1536w, https:\/\/akcmv.gov.lv\/wp-content\/uploads\/2024\/08\/Skolas_kontakti_2-2048x439.jpg 2048w\" sizes=\"auto, (max-width: 1024px) 100vw, 1024px\" \/><\/a>\n\t\t\t<\/dt><\/dl><br style=\"clear: both\" \/>\n\t\t<\/div>\n\n<p>\u0112ka Raunas iel\u0101 12-2 atrodas 350 metru att\u0101lum\u0101 no C\u0113su autoostas un Dzelzce\u013ca stacijas.<br \/>\n\u0112ka L.Kal\u0113ju iel\u0101 4 atrodas 1 km att\u0101lum\u0101 no C\u0113su autoostas un Dzelzce\u013ca stacijas.<\/p>\n<p>Iest\u0101des strukt\u016bras shematisku att\u0113lojumu skat\u012bt <a href=\"http:\/\/akcmv.gov.lv\/wp-content\/uploads\/2024\/08\/2024.gada-struktura-AKCMV.pdf\">\u0161eit.<\/a><\/p>\n<hr \/>\n<p><strong>Rekviz\u012bti<\/strong><br \/>\nRe\u0123.Nr.90000077378<br \/>\nValsts kase, kods TRELLV22<br \/>\nKonta Nr. LV54TREL2220520005000<\/p>\n<p><strong>E-r\u0113\u0137inus (.xml un .pdf form\u0101) s\u016bt\u012bt uz e-adresi: EINVOICE@90000077378<\/strong><\/p>\n<hr \/>\n<p><strong>Direktors Vigo Ra\u010devskis<\/strong><br \/>\nvigo.racevskis@akcmv.gov.lv<br \/>\nt\u0101lr. 64125385, mob.t\u0101lr. 26399070<\/p>\n<hr \/>\n<p><strong>Vec\u0101k\u0101 lietvede El\u012bna Konstantinova<\/strong><br \/>\nadministr\u0101cijas t\u0101lrunis: 64125385, mob.t\u0101lr. 29445381<br \/>\nDe\u017euranta t\u0101lrunis: 64119923<br \/>\nE-pasts <a href=\"mailto:pasts@akcmv.gov.lv\">pasts@akcmv.gov.lv<\/a><\/p>\n<p><img loading=\"lazy\" decoding=\"async\" class=\"wp-image-7977 alignnone\" src=\"http:\/\/akcmv.gov.lv\/wp-content\/uploads\/2014\/10\/Simbols-e--300x275.png\" alt=\"\" width=\"39\" height=\"36\" srcset=\"https:\/\/akcmv.gov.lv\/wp-content\/uploads\/2014\/10\/Simbols-e--300x275.png 300w, https:\/\/akcmv.gov.lv\/wp-content\/uploads\/2014\/10\/Simbols-e--270x250.png 270w, https:\/\/akcmv.gov.lv\/wp-content\/uploads\/2014\/10\/Simbols-e-.png 416w\" sizes=\"auto, (max-width: 39px) 100vw, 39px\" \/><a href=\"https:\/\/www.latvija.lv\/lv\/Eaddress\/write?address=_default@90000077378\">e-adrese<\/a><\/p>\n<hr \/>\n<p><strong>Direktora vietniece m\u0101c\u012bbu darb\u0101 <\/strong><strong>Irita Merga<br \/>\n<\/strong>e-pasts\u00a0macibu.dala@akcmv.gov.lv<br \/>\nt\u0101lr. 64125385, mob. t\u0101lr. 29265326<\/p>\n<hr \/>\n<p><strong>Direktora vietniece profesion\u0101l\u0101s ievirzes programm\u0101s Ieva Kal\u0113ja<br \/>\n<\/strong>e-pasts ieva.kaleja@akcmv.gov.lv<br \/>\nmob. t\u0101lr. 27846767<br \/>\nLiel\u0101 Kal\u0113ju iela 4, C\u0113sis, C\u0113su novads, LV-4101<\/p>\n<hr \/>\n<p><strong>Saimniec\u012bbas da\u013cas vad\u012bt\u0101js Ritvars Gailis<br \/>\n<\/strong>e-pasts saimnieciba@akcmv.gov.lv<br \/>\nt\u0101lr. 64125385, mob. t\u0101lr. 26424466<\/p>\n<hr \/>\n<p><strong>Finansiste Alla Keome\u0123e<br \/>\n<\/strong>e-pasts alla.keomege@akcmv.gov.lv<\/p>\n<hr \/>\n<p><strong>Person\u0101la speci\u0101liste\u00a0Ella Fr\u012bdvalde-Andersone<br \/>\n<\/strong>e-pasts\u00a0personala.dala@akcmv.gov.lv<br \/>\nt\u0101lr. 64125385<\/p>\n<hr \/>\n<div>\n<p><strong>Projektu vad\u012bt\u0101ja El\u012bna Egl\u012bte<br \/>\n<\/strong>e-pasts elina.eglite@akcmv.gov.lv<br \/>\nt\u0101lr. 64125385<\/p>\n<hr \/>\n<p><strong>Kult\u016bras pas\u0101kumu organizatore Inga Kreile<br \/>\n<\/strong>e-pasts inga.kreile@akcmv.gov.lv<br \/>\nt\u0101lr. 64125385<\/p>\n<hr \/>\n<p><strong>Metodi\u0137e\u00a0Ija Groza<\/strong><br \/>\ne-pasts\u00a0metodikis@akcmv.gov.lv<br \/>\nmob. t\u0101lr. 29287585<\/p>\n<hr \/>\n<p><strong>Bibliotek\u0101re Rasma \u0160ilinska<br \/>\n<\/strong>e-pasts biblioteka@akcmv.gov.lv<\/p>\n<hr \/>\n<\/div>\n<div><strong>Datu aizsardz\u012bbas speci\u0101lists Din\u0101rs Bitmanis<\/strong><\/div>\n<div>t\u0101lr.: +371 29352450, e-pasts: <a href=\"mailto:dinars.bitmanis@kisc.gov.lv\">dinars.bitmanis@kisc.gov.lv<\/a><\/div>\n<div>\n<hr \/>\n<\/div>\n<div><strong>IT atbalsts Guntis Apinis<\/strong><\/div>\n<div>t\u0101lr. 29689108, e-pasts <a href=\"mailto:guntis.apinis@kisc.gov.lv\">guntis.apinis@kisc.gov.lv<\/a><\/div>\n<hr \/>\n<div><strong>Atbild\u012bg\u0101 persona trauksmes cel\u0161anas jaut\u0101jumos Inta K\u0101rkli\u0146a<\/strong><\/div>\n<div>e-pasts trauksme@akcmv.gov.lv<\/p>\n<hr \/>\n<\/div>\n<h4><span style=\"color: #ff6600;\"><strong>M\u016bzikas vid\u0113j\u0101s profesion\u0101l\u0101s izgl\u012bt\u012bbas programmu vad\u012bt\u0101ji:<\/strong><\/span><\/h4>\n<p><strong>Tausti\u0146instrumentu sp\u0113les (klavieres, akordeons) izgl\u012bt\u012bbas programmas vad\u012bt\u0101ja Guna R\u0101cene<br \/>\n<\/strong>Mob.t\u0101lr. 29443288<\/p>\n<p><strong>P\u016b\u0161aminstrumentu sp\u0113les izgl\u012bt\u012bbas programmas vad\u012bt\u0101ja\u00a0Elita Ezermale<\/strong><br \/>\nMob.t\u0101lr.\u00a029430465<\/p>\n<p><strong>Sitaminstrumentu sp\u0113les izgl\u012bt\u012bbas programma, pedagogs Vigo Ra\u010devskis<br \/>\n<\/strong>Mob.t\u0101lr. 26399070<\/p>\n<p><strong>St\u012bgu instrumentu sp\u0113les (\u010dells, vijole, alts, kokle, \u0123it\u0101ra) izgl\u012bt\u012bbas programmas vad\u012bt\u0101ja Inese Nelsone<br \/>\n<\/strong>Mob.t\u0101lr. 29209249<strong><br \/>\n<\/strong><\/p>\n<p><strong>Vok\u0101l\u0101s m\u016bzikas izgl\u012bt\u012bbas programmas vad\u012bt\u0101ja Dace Balode<\/strong><br \/>\nMob.t\u0101lr. 29489390<\/p>\n<p><strong>Diri\u0123\u0113\u0161anas izgl\u012bt\u012bbas programmas vad\u012bt\u0101js\u00a0<strong>Patriks K\u0101rlis Stepe<br \/>\n<\/strong><\/strong>Mob.t\u0101lr. 25756683<\/p>\n<p><strong>Izgl\u012bt\u012bbas programmas M\u016bzika (Popul\u0101r\u0101 un d\u017eeza m\u016bzika) vad\u012bt\u0101js Toms Mik\u0101ls<br \/>\n<\/strong>Mob.t\u0101lr. 20640882<strong><br \/>\n<\/strong><\/p>\n","protected":false},"excerpt":{"rendered":"<p>Alfr\u0113da Kalni\u0146a C\u0113su M\u016bzikas vidusskola Raunas iela 12-2, C\u0113sis, C\u0113su novads, LV-4101 Liel\u0101 Kal\u0113ju iel\u0101 4, C\u0113sis, C\u0113su novads, LV-4101 T\u0101lrunis 64125385 Mob. t\u0101lrunis 29445381 De\u017euranta t\u0101lrunis 64119923 Skolas darba laiks: Raunas iel\u0101 12-2, C\u0113s\u012bs no plkst. 7.30 l\u012bdz 21.30 Liel\u0101 Kal\u0113ju iel\u0101 4, C\u0113s\u012bs no plkst. 12.00 l\u012bdz 19.00 Administr\u0101cijas darba laiks no plkst. [&hellip;]<\/p>\n","protected":false},"author":1,"featured_media":140,"parent":0,"menu_order":7,"comment_status":"closed","ping_status":"closed","template":"","meta":{"footnotes":""},"class_list":["post-59","page","type-page","status-publish","has-post-thumbnail","czr-hentry"],"_links":{"self":[{"href":"https:\/\/akcmv.gov.lv\/index.php?rest_route=\/wp\/v2\/pages\/59","targetHints":{"allow":["GET"]}}],"collection":[{"href":"https:\/\/akcmv.gov.lv\/index.php?rest_route=\/wp\/v2\/pages"}],"about":[{"href":"https:\/\/akcmv.gov.lv\/index.php?rest_route=\/wp\/v2\/types\/page"}],"author":[{"embeddable":true,"href":"https:\/\/akcmv.gov.lv\/index.php?rest_route=\/wp\/v2\/users\/1"}],"replies":[{"embeddable":true,"href":"https:\/\/akcmv.gov.lv\/index.php?rest_route=%2Fwp%2Fv2%2Fcomments&post=59"}],"version-history":[{"count":99,"href":"https:\/\/akcmv.gov.lv\/index.php?rest_route=\/wp\/v2\/pages\/59\/revisions"}],"predecessor-version":[{"id":16779,"href":"https:\/\/akcmv.gov.lv\/index.php?rest_route=\/wp\/v2\/pages\/59\/revisions\/16779"}],"wp:featuredmedia":[{"embeddable":true,"href":"https:\/\/akcmv.gov.lv\/index.php?rest_route=\/wp\/v2\/media\/140"}],"wp:attachment":[{"href":"https:\/\/akcmv.gov.lv\/index.php?rest_route=%2Fwp%2Fv2%2Fmedia&parent=59"}],"curies":[{"name":"wp","href":"https:\/\/api.w.org\/{rel}","templated":true}]}}